Last updated on 2024-05-01 21:57:09 CEST.
Flavor | Version | Tinstall | Tcheck | Ttotal | Status | Flags |
---|---|---|---|---|---|---|
r-devel-linux-x86_64-debian-clang | 4.2.0 | 28.73 | 590.93 | 619.66 | NOTE | |
r-devel-linux-x86_64-debian-gcc | 4.2.0 | 22.38 | 440.18 | 462.56 | NOTE | |
r-devel-linux-x86_64-fedora-clang | 4.2.0 | 748.14 | NOTE | |||
r-devel-linux-x86_64-fedora-gcc | 4.2.0 | 770.41 | NOTE | |||
r-devel-windows-x86_64 | 4.2.0 | 29.00 | 274.00 | 303.00 | NOTE | --no-vignettes |
r-patched-linux-x86_64 | 4.2.0 | 32.25 | 582.03 | 614.28 | NOTE | |
r-release-linux-x86_64 | 4.2.0 | 19.54 | 577.57 | 597.11 | NOTE | |
r-release-macos-arm64 | 4.2.0 | 149.00 | NOTE | |||
r-release-windows-x86_64 | 4.2.0 | 28.00 | 264.00 | 292.00 | NOTE | --no-vignettes |
r-oldrel-macos-arm64 | 4.2.0 | 163.00 | OK | |||
r-oldrel-macos-x86_64 | 4.2.0 | 310.00 | OK | |||
r-oldrel-windows-x86_64 | 4.2.0 | 37.00 | 301.00 | 338.00 | OK | --no-vignettes |
Version: 4.2.0
Check: Rd files
Result: NOTE
checkRd: (-1) NEWS.Rd:427: Lost braces; missing escapes or markup?
427 | \item Changes to \code{simulate.stergm} parameters: addition of \code{duration.dependent} parameter: {Logical: Whether the model terms in formula or model are duration dependent. E.g., if a duration-dependent term is used in estimation/simulation model, the probability of forming or dissolving a tie may dependent on the age the dyad status. If TRUE, the matrix of tie ages will be allocated.}
| ^
checkRd: (-1) discordBDStratTNT-ergmProposal-9267ec8b.Rd:18: Lost braces
18 | code{\link[ergm:blocks-ergmConstraint]{blocks}} constraints and
| ^
checkRd: (-1) discordTNT-ergmProposal-bc75dff0.Rd:9: Lost braces
9 | code{discordance_fraction} of proposed toggles being made on the set of discordant dyads,
| ^
Flavors: r-devel-linux-x86_64-debian-clang, r-devel-linux-x86_64-debian-gcc, r-devel-linux-x86_64-fedora-clang, r-devel-linux-x86_64-fedora-gcc, r-patched-linux-x86_64, r-release-linux-x86_64, r-release-macos-arm64
Version: 4.2.0
Flags: --no-vignettes
Check: Rd files
Result: NOTE
checkRd: (-1) NEWS.Rd:427: Lost braces; missing escapes or markup?
427 | \item Changes to \code{simulate.stergm} parameters: addition of \code{duration.dependent} parameter: {Logical: Whether the model terms in formula or model are duration dependent. E.g., if a duration-dependent term is used in estimation/simulation model, the probability of forming or dissolving a tie may dependent on the age the dyad status. If TRUE, the matrix of tie ages will be allocated.}
| ^
checkRd: (-1) discordBDStratTNT-ergmProposal-9267ec8b.Rd:18: Lost braces
18 | code{\link[ergm:blocks-ergmConstraint]{blocks}} constraints and
| ^
checkRd: (-1) discordTNT-ergmProposal-bc75dff0.Rd:9: Lost braces
9 | code{discordance_fraction} of proposed toggles being made on the set of discordant dyads,
| ^
Flavors: r-devel-windows-x86_64, r-release-windows-x86_64
These binaries (installable software) and packages are in development.
They may not be fully stable and should be used with caution. We make no claims about them.
Health stats visible at Monitor.