Last updated on 2025-02-08 19:49:33 CET.
Flavor | Version | Tinstall | Tcheck | Ttotal | Status | Flags |
---|---|---|---|---|---|---|
r-devel-linux-x86_64-debian-clang | 5.1 | 6.19 | 37.02 | 43.21 | NOTE | |
r-devel-linux-x86_64-debian-gcc | 5.1 | 4.11 | 28.00 | 32.11 | NOTE | |
r-devel-linux-x86_64-fedora-clang | 5.1 | 72.26 | NOTE | |||
r-devel-linux-x86_64-fedora-gcc | 5.1 | 67.45 | NOTE | |||
r-devel-windows-x86_64 | 5.1 | 7.00 | 66.00 | 73.00 | NOTE | |
r-patched-linux-x86_64 | 5.1 | 4.92 | 35.57 | 40.49 | NOTE | |
r-release-linux-x86_64 | 5.1 | 5.60 | 35.42 | 41.02 | NOTE | |
r-release-macos-arm64 | 5.1 | 23.00 | NOTE | |||
r-release-macos-x86_64 | 5.1 | 46.00 | NOTE | |||
r-release-windows-x86_64 | 5.1 | 6.00 | 67.00 | 73.00 | NOTE | |
r-oldrel-macos-arm64 | 5.1 | 26.00 | OK | |||
r-oldrel-macos-x86_64 | 5.1 | 63.00 | OK | |||
r-oldrel-windows-x86_64 | 5.1 | 7.00 | 66.00 | 73.00 | OK |
Version: 5.1
Check: Rd files
Result: NOTE
checkRd: (-1) sim_data.Rd:41: Lost braces
41 | \code{tsr} {a list of simulated tensors, with the number of replicates specified by \code{dup}}
| ^
checkRd: (-1) sim_data.Rd:43: Lost braces; missing escapes or markup?
43 | \code{X_covar1} {a matrix, side information on first mode}
| ^
checkRd: (-1) sim_data.Rd:45: Lost braces; missing escapes or markup?
45 | \code{X_covar2} {a matrix, side information on second mode}
| ^
checkRd: (-1) sim_data.Rd:47: Lost braces; missing escapes or markup?
47 | \code{X_covar3} {a matrix, side information on third mode}
| ^
checkRd: (-1) sim_data.Rd:49: Lost braces
49 | \code{W} {a list of orthogonal factor matrices - one for each mode, with the number of columns given by \code{core_shape}}
| ^
checkRd: (-1) sim_data.Rd:51: Lost braces
51 | \code{G} {an array, core tensor with size specified by \code{core_shape}}
| ^
checkRd: (-1) sim_data.Rd:53: Lost braces
53 | \code{C_ts} {an array, coefficient tensor, Tucker product of \code{G},\code{A},\code{B},\code{C}}
| ^
checkRd: (-1) sim_data.Rd:55: Lost braces
55 | \code{U} {an array, linear predictor,i.e. Tucker product of \code{C_ts},\code{X_covar1},\code{X_covar2},\code{X_covar3}}
| ^
checkRd: (-1) tensor_regress.Rd:53: Lost braces
53 | \code{W} {a list of orthogonal factor matrices - one for each mode, with the number of columns given by \code{core_shape}}
| ^
checkRd: (-1) tensor_regress.Rd:55: Lost braces
55 | \code{G} {an array, core tensor with the size specified by \code{core_shape}}
| ^
checkRd: (-1) tensor_regress.Rd:57: Lost braces
57 | \code{C_ts} {an array, coefficient tensor, Tucker product of \code{G},\code{A},\code{B},\code{C}}
| ^
checkRd: (-1) tensor_regress.Rd:59: Lost braces
59 | \code{U} {linear predictor,i.e. Tucker product of \code{C_ts},\code{X_covar1},\code{X_covar2},\code{X_covar3}}
| ^
checkRd: (-1) tensor_regress.Rd:61: Lost braces; missing escapes or markup?
61 | \code{lglk} {a vector containing loglikelihood at convergence}
| ^
checkRd: (-1) tensor_regress.Rd:63: Lost braces; missing escapes or markup?
63 | \code{sigma} {a scalar, estimated error variance (for Gaussian tensor) or dispersion parameter (for Bernoulli and Poisson tensors)}
| ^
checkRd: (-1) tensor_regress.Rd:65: Lost braces
65 | \code{violate} {a vector listing whether each iteration violates the max norm constraint on the linear predictor, \code{1} indicates violation}
| ^
Flavors: r-devel-linux-x86_64-debian-clang, r-devel-linux-x86_64-debian-gcc, r-devel-linux-x86_64-fedora-clang, r-devel-linux-x86_64-fedora-gcc, r-devel-windows-x86_64, r-patched-linux-x86_64, r-release-linux-x86_64, r-release-macos-arm64, r-release-macos-x86_64, r-release-windows-x86_64
These binaries (installable software) and packages are in development.
They may not be fully stable and should be used with caution. We make no claims about them.
Health stats visible at Monitor.