Last updated on 2024-05-02 08:02:02 CEST.
Flavor | Version | Tinstall | Tcheck | Ttotal | Status | Flags |
---|---|---|---|---|---|---|
r-devel-linux-x86_64-debian-clang | 1.0.2 | 12.78 | 102.12 | 114.90 | OK | |
r-devel-linux-x86_64-debian-gcc | 1.0.2 | 10.78 | 70.92 | 81.70 | OK | |
r-devel-linux-x86_64-fedora-clang | 1.0.2 | 138.64 | OK | |||
r-devel-linux-x86_64-fedora-gcc | 1.0.2 | 135.99 | OK | |||
r-devel-windows-x86_64 | 1.0.2 | 12.00 | 86.00 | 98.00 | OK | |
r-patched-linux-x86_64 | 1.0.1 | 13.73 | 92.91 | 106.64 | NOTE | |
r-release-linux-x86_64 | 1.0.2 | 11.81 | 93.38 | 105.19 | OK | |
r-release-macos-arm64 | 1.0.2 | 37.00 | OK | |||
r-release-macos-x86_64 | 1.0.2 | 115.00 | OK | |||
r-release-windows-x86_64 | 1.0.2 | 12.00 | 81.00 | 93.00 | OK | |
r-oldrel-macos-arm64 | 1.0.2 | 43.00 | OK | |||
r-oldrel-macos-x86_64 | 1.0.2 | 109.00 | OK | |||
r-oldrel-windows-x86_64 | 1.0.2 | 10.00 | 99.00 | 109.00 | OK |
Version: 1.0.1
Check: Rd files
Result: NOTE
checkRd: (-1) tenFM.rank.Rd:31: Lost braces; missing escapes or markup?
31 | \item{penalty}{takes value in {1,2,3,4,5}, decides which penalty function to use for each tesnor mode \eqn{k}. Here \eqn{\nu} is a tuning parameter defined in the argument "\code{delta1}", and \eqn{d=\prod_{i=1}^{K} d_k }.
| ^
Flavor: r-patched-linux-x86_64
These binaries (installable software) and packages are in development.
They may not be fully stable and should be used with caution. We make no claims about them.
Health stats visible at Monitor.