Last updated on 2025-05-15 07:49:54 CEST.
Flavor | Version | Tinstall | Tcheck | Ttotal | Status | Flags |
---|---|---|---|---|---|---|
r-devel-linux-x86_64-debian-clang | 0.36.2.1 | 3.96 | 32.82 | 36.78 | NOTE | |
r-devel-linux-x86_64-debian-gcc | 0.36.2.1 | 3.28 | 24.14 | 27.42 | NOTE | |
r-devel-linux-x86_64-fedora-clang | 0.36.2.1 | 56.61 | OK | |||
r-devel-linux-x86_64-fedora-gcc | 0.36.2.1 | 56.18 | OK | |||
r-devel-windows-x86_64 | 0.36.2.1 | 8.00 | 58.00 | 66.00 | OK | |
r-patched-linux-x86_64 | 0.36.2.1 | 4.38 | 30.85 | 35.23 | OK | |
r-release-linux-x86_64 | 0.36.2.1 | 2.97 | 30.85 | 33.82 | OK | |
r-release-macos-arm64 | 0.36.2.1 | OK | ||||
r-release-macos-x86_64 | 0.36.2.1 | 41.00 | OK | |||
r-release-windows-x86_64 | 0.36.2.1 | 6.00 | 64.00 | 70.00 | OK | |
r-oldrel-macos-arm64 | 0.36.2.1 | 24.00 | OK | |||
r-oldrel-macos-x86_64 | 0.36.2.1 | 30.00 | OK | |||
r-oldrel-windows-x86_64 | 0.36.2.1 | 7.00 | 57.00 | 64.00 | OK |
Version: 0.36.2.1
Check: CRAN incoming feasibility
Result: NOTE
Maintainer: ‘K. Gerald van den Boogaart <boogaart@math.tu-freiberg.de>’
No Authors@R field in DESCRIPTION.
Please add one, modifying
Authors@R: person(given = c("K.", "Gerald"),
family = "van den Boogaart",
role = c("aut", "cre"),
email = "boogaart@uni-greifswald.de")
as necessary.
Flavors: r-devel-linux-x86_64-debian-clang, r-devel-linux-x86_64-debian-gcc
These binaries (installable software) and packages are in development.
They may not be fully stable and should be used with caution. We make no claims about them.
Health stats visible at Monitor.