Last updated on 2025-05-15 11:50:18 CEST.
Flavor | Version | Tinstall | Tcheck | Ttotal | Status | Flags |
---|---|---|---|---|---|---|
r-devel-linux-x86_64-debian-clang | 0.2 | 2.44 | 28.24 | 30.68 | NOTE | |
r-devel-linux-x86_64-debian-gcc | 0.2 | 1.70 | 22.56 | 24.26 | NOTE | |
r-devel-linux-x86_64-fedora-clang | 0.2 | 48.73 | OK | |||
r-devel-linux-x86_64-fedora-gcc | 0.2 | 47.91 | OK | |||
r-devel-windows-x86_64 | 0.2 | 4.00 | 50.00 | 54.00 | OK | |
r-patched-linux-x86_64 | 0.2 | 2.47 | 27.48 | 29.95 | OK | |
r-release-linux-x86_64 | 0.2 | 2.45 | 27.26 | 29.71 | OK | |
r-release-macos-arm64 | 0.2 | 20.00 | OK | |||
r-release-macos-x86_64 | 0.2 | 34.00 | OK | |||
r-release-windows-x86_64 | 0.2 | 4.00 | 54.00 | 58.00 | OK | |
r-oldrel-macos-arm64 | 0.2 | 18.00 | OK | |||
r-oldrel-macos-x86_64 | 0.2 | 26.00 | OK | |||
r-oldrel-windows-x86_64 | 0.2 | 5.00 | 57.00 | 62.00 | OK |
Version: 0.2
Check: CRAN incoming feasibility
Result: NOTE
Maintainer: ‘Etienne Low-Decarie <etienne.decarie@gmail.com>’
Found the following (possibly) invalid file URI:
URI: to_be_added
From: man/Emiliania_huxleyi.Rd
Flavors: r-devel-linux-x86_64-debian-clang, r-devel-linux-x86_64-debian-gcc
These binaries (installable software) and packages are in development.
They may not be fully stable and should be used with caution. We make no claims about them.
Health stats visible at Monitor.