Last updated on 2025-05-10 23:50:16 CEST.
Flavor | Version | Tinstall | Tcheck | Ttotal | Status | Flags |
---|---|---|---|---|---|---|
r-devel-linux-x86_64-debian-clang | 1.1.1 | 3.11 | 59.41 | 62.52 | NOTE | |
r-devel-linux-x86_64-debian-gcc | 1.1.1 | 2.20 | 43.00 | 45.20 | NOTE | |
r-devel-linux-x86_64-fedora-clang | 1.1.1 | 91.29 | OK | |||
r-devel-linux-x86_64-fedora-gcc | 1.1.1 | 104.77 | OK | |||
r-devel-windows-x86_64 | 1.1.1 | 3.00 | 84.00 | 87.00 | OK | |
r-patched-linux-x86_64 | 1.1.1 | 3.12 | 54.02 | 57.14 | OK | |
r-release-linux-x86_64 | 1.1.1 | 2.87 | 55.40 | 58.27 | OK | |
r-release-macos-arm64 | 1.1.1 | 41.00 | OK | |||
r-release-macos-x86_64 | 1.1.1 | 68.00 | OK | |||
r-release-windows-x86_64 | 1.1.1 | 4.00 | 83.00 | 87.00 | OK | |
r-oldrel-macos-arm64 | 1.1.1 | 34.00 | OK | |||
r-oldrel-macos-x86_64 | 1.1.1 | 54.00 | OK | |||
r-oldrel-windows-x86_64 | 1.1.1 | 4.00 | 97.00 | 101.00 | OK |
Version: 1.1.1
Check: CRAN incoming feasibility
Result: NOTE
Maintainer: ‘Christoph Sax <christoph.sax@gmail.com>’
The BugReports field in DESCRIPTION has
https://github.com/christophsax/tempdisagg
which should likely be
https://github.com/christophsax/tempdisagg/issues
instead.
Flavors: r-devel-linux-x86_64-debian-clang, r-devel-linux-x86_64-debian-gcc
These binaries (installable software) and packages are in development.
They may not be fully stable and should be used with caution. We make no claims about them.
Health stats visible at Monitor.