Last updated on 2025-02-23 19:51:22 CET.
Flavor | Version | Tinstall | Tcheck | Ttotal | Status | Flags |
---|---|---|---|---|---|---|
r-devel-linux-x86_64-debian-clang | 3.0.0 | 10.59 | 48.19 | 58.78 | NOTE | |
r-devel-linux-x86_64-debian-gcc | 3.0.0 | 8.15 | 37.01 | 45.16 | NOTE | |
r-devel-linux-x86_64-fedora-clang | 3.0.0 | 105.34 | NOTE | |||
r-devel-linux-x86_64-fedora-gcc | 3.0.0 | 116.63 | NOTE | |||
r-devel-macos-arm64 | 3.0.0 | 41.00 | NOTE | |||
r-devel-macos-x86_64 | 3.0.0 | 77.00 | NOTE | |||
r-devel-windows-x86_64 | 3.0.0 | 14.00 | 87.00 | 101.00 | NOTE | |
r-patched-linux-x86_64 | 3.0.0 | 16.68 | 45.33 | 62.01 | NOTE | |
r-release-linux-x86_64 | 3.0.0 | 11.99 | 46.00 | 57.99 | NOTE | |
r-release-macos-arm64 | 3.0.0 | 39.00 | NOTE | |||
r-release-macos-x86_64 | 3.0.0 | 59.00 | NOTE | |||
r-release-windows-x86_64 | 3.0.0 | 14.00 | 77.00 | 91.00 | NOTE | |
r-oldrel-macos-arm64 | 3.0.0 | 39.00 | OK | |||
r-oldrel-macos-x86_64 | 3.0.0 | 60.00 | OK | |||
r-oldrel-windows-x86_64 | 3.0.0 | 18.00 | 86.00 | 104.00 | OK |
Version: 3.0.0
Check: Rd files
Result: NOTE
checkRd: (-1) sendChatAction.Rd:16: Lost braces in \itemize; meant \describe ?
checkRd: (-1) sendChatAction.Rd:17: Lost braces in \itemize; meant \describe ?
checkRd: (-1) sendChatAction.Rd:18: Lost braces in \itemize; meant \describe ?
checkRd: (-1) sendChatAction.Rd:19: Lost braces in \itemize; meant \describe ?
checkRd: (-1) sendChatAction.Rd:20: Lost braces in \itemize; meant \describe ?
checkRd: (-1) sendChatAction.Rd:21: Lost braces in \itemize; meant \describe ?
checkRd: (-1) sendChatAction.Rd:22: Lost braces in \itemize; meant \describe ?
checkRd: (-1) sendChatAction.Rd:23: Lost braces in \itemize; meant \describe ?
checkRd: (-1) sendChatAction.Rd:24: Lost braces in \itemize; meant \describe ?
checkRd: (-1) sendChatAction.Rd:25: Lost braces in \itemize; meant \describe ?
Flavors: r-devel-linux-x86_64-debian-clang, r-devel-linux-x86_64-debian-gcc, r-devel-linux-x86_64-fedora-clang, r-devel-linux-x86_64-fedora-gcc, r-devel-macos-arm64, r-devel-macos-x86_64, r-devel-windows-x86_64, r-patched-linux-x86_64, r-release-linux-x86_64, r-release-macos-arm64, r-release-macos-x86_64, r-release-windows-x86_64
Version: 3.0.0
Check: Rd cross-references
Result: NOTE
Found the following Rd file(s) with Rd \link{} targets missing package
anchors:
Bot.Rd: R6Class
CallbackQueryHandler.Rd: R6Class
CommandHandler.Rd: R6Class
Dispatcher.Rd: R6Class
ErrorHandler.Rd: R6Class
Handler.Rd: R6Class
MessageHandler.Rd: R6Class
TelegramObject.Rd: R6Class
Update.Rd: R6Class
Updater.Rd: R6Class
Webhook.Rd: R6Class
Please provide package anchors for all Rd \link{} targets not in the
package itself and the base packages.
Flavors: r-devel-linux-x86_64-debian-clang, r-devel-linux-x86_64-debian-gcc, r-devel-windows-x86_64
These binaries (installable software) and packages are in development.
They may not be fully stable and should be used with caution. We make no claims about them.
Health stats visible at Monitor.