Last updated on 2025-02-23 19:51:22 CET.
Flavor | Version | Tinstall | Tcheck | Ttotal | Status | Flags |
---|---|---|---|---|---|---|
r-devel-linux-x86_64-debian-clang | 1.0.3 | 174.58 | 307.07 | 481.65 | NOTE | |
r-devel-linux-x86_64-debian-gcc | 1.0.3 | 130.07 | 207.21 | 337.28 | NOTE | |
r-devel-linux-x86_64-fedora-clang | 1.0.3 | 874.24 | NOTE | |||
r-devel-linux-x86_64-fedora-gcc | 1.0.3 | 2694.53 | ERROR | |||
r-devel-macos-arm64 | 1.0.3 | 167.00 | NOTE | |||
r-devel-macos-x86_64 | 1.0.3 | 328.00 | NOTE | |||
r-devel-windows-x86_64 | 1.0.3 | 189.00 | 270.00 | 459.00 | NOTE | |
r-patched-linux-x86_64 | 1.0.3 | 187.10 | 297.22 | 484.32 | NOTE | |
r-release-linux-x86_64 | 1.0.3 | 187.01 | 294.08 | 481.09 | NOTE | |
r-release-macos-arm64 | 1.0.3 | 175.00 | NOTE | |||
r-release-macos-x86_64 | 1.0.3 | 230.00 | NOTE | |||
r-release-windows-x86_64 | 1.0.3 | 190.00 | 276.00 | 466.00 | NOTE | |
r-oldrel-macos-arm64 | 1.0.3 | 203.00 | NOTE | |||
r-oldrel-macos-x86_64 | 1.0.3 | 354.00 | NOTE | |||
r-oldrel-windows-x86_64 | 1.0.3 | 233.00 | 383.00 | 616.00 | NOTE |
Version: 1.0.3
Check: C++ specification
Result: NOTE
Specified C++11: please drop specification unless essential
Flavors: r-devel-linux-x86_64-debian-clang, r-devel-linux-x86_64-debian-gcc, r-devel-linux-x86_64-fedora-clang, r-devel-linux-x86_64-fedora-gcc, r-devel-macos-arm64, r-devel-macos-x86_64, r-devel-windows-x86_64, r-patched-linux-x86_64, r-release-linux-x86_64, r-release-macos-arm64, r-release-macos-x86_64, r-release-windows-x86_64, r-oldrel-macos-arm64, r-oldrel-macos-x86_64, r-oldrel-windows-x86_64
Version: 1.0.3
Check: examples
Result: ERROR
Running examples in ‘telefit-Ex.R’ failed
The error most likely occurred in:
> ### Name: stFit
> ### Title: Fit the remote effects spatial process (RESP) model
> ### Aliases: stFit
>
> ### ** Examples
>
> library(dplyr)
Attaching package: ‘dplyr’
The following objects are masked from ‘package:stats’:
filter, lag
The following objects are masked from ‘package:base’:
intersect, setdiff, setequal, union
> library(foreach)
> library(itertools)
Loading required package: iterators
>
> set.seed(2018)
>
> data("coprecip")
> data("coprecip.fit")
> attach(coprecip)
>
> coprecip.fit = stFit(stData = coprecip, priors = coprecip.fit$priors,
+ maxIt = 10, coords.knots = coprecip.fit$coords.knots)
Flavor: r-devel-linux-x86_64-fedora-gcc
Version: 1.0.3
Check: installed package size
Result: NOTE
installed size is 19.2Mb
sub-directories of 1Mb or more:
data 2.4Mb
libs 16.5Mb
Flavors: r-release-macos-arm64, r-release-macos-x86_64, r-oldrel-macos-arm64, r-oldrel-macos-x86_64
These binaries (installable software) and packages are in development.
They may not be fully stable and should be used with caution. We make no claims about them.
Health stats visible at Monitor.