Last updated on 2025-05-17 15:50:58 CEST.
Flavor | Version | Tinstall | Tcheck | Ttotal | Status | Flags |
---|---|---|---|---|---|---|
r-devel-linux-x86_64-debian-clang | 1.1-0 | 2.48 | 44.46 | 46.94 | NOTE | |
r-devel-linux-x86_64-debian-gcc | 1.1-1 | 1.86 | 31.17 | 33.03 | OK | |
r-devel-linux-x86_64-fedora-clang | 1.1-1 | 80.07 | OK | |||
r-devel-linux-x86_64-fedora-gcc | 1.1-1 | 168.68 | OK | |||
r-devel-windows-x86_64 | 1.1-0 | 4.00 | 64.00 | 68.00 | OK | |
r-patched-linux-x86_64 | 1.1-0 | 2.43 | 41.49 | 43.92 | OK | |
r-release-linux-x86_64 | 1.1-0 | 2.33 | 41.30 | 43.63 | OK | |
r-release-macos-arm64 | 1.1-1 | 86.00 | OK | |||
r-release-macos-x86_64 | 1.1-1 | 152.00 | OK | |||
r-release-windows-x86_64 | 1.1-1 | 5.00 | 64.00 | 69.00 | OK | |
r-oldrel-macos-arm64 | 1.1-1 | 70.00 | OK | |||
r-oldrel-macos-x86_64 | 1.1-1 | 162.00 | WARN | |||
r-oldrel-windows-x86_64 | 1.1-0 | 4.00 | 75.00 | 79.00 | OK |
Version: 1.1-0
Check: CRAN incoming feasibility
Result: NOTE
Maintainer: ‘Wee Hao Ng <wn68@cornell.edu>’
Package has help file(s) containing later-stage \Sexpr{} expressions
but no 'build/stage23.rdb' file.
Flavor: r-devel-linux-x86_64-debian-clang
Version: 1.1-1
Check: PDF version of manual
Result: WARN
LaTeX errors when creating PDF version.
This typically indicates Rd problems.
Flavor: r-oldrel-macos-x86_64
These binaries (installable software) and packages are in development.
They may not be fully stable and should be used with caution. We make no claims about them.
Health stats visible at Monitor.