Last updated on 2025-02-23 19:51:22 CET.
Flavor | Version | Tinstall | Tcheck | Ttotal | Status | Flags |
---|---|---|---|---|---|---|
r-devel-linux-x86_64-debian-clang | 2.1-0 | 60.09 | 249.21 | 309.30 | OK | |
r-devel-linux-x86_64-debian-gcc | 2.1-0 | 45.20 | 207.45 | 252.65 | OK | |
r-devel-linux-x86_64-fedora-clang | 2.1-0 | 382.12 | NOTE | |||
r-devel-linux-x86_64-fedora-gcc | 2.1-0 | 527.86 | OK | |||
r-devel-macos-arm64 | 2.0-5 | 78.00 | OK | |||
r-devel-macos-x86_64 | 2.1-0 | 181.00 | OK | |||
r-devel-windows-x86_64 | 2.0-5 | 61.00 | 173.00 | 234.00 | OK | |
r-patched-linux-x86_64 | 2.1-0 | 62.71 | 241.89 | 304.60 | OK | |
r-release-linux-x86_64 | 2.1-0 | 60.21 | 309.05 | 369.26 | OK | |
r-release-macos-arm64 | 2.0-5 | 92.00 | NOTE | |||
r-release-macos-x86_64 | 2.1-0 | 189.00 | NOTE | |||
r-release-windows-x86_64 | 2.1-0 | 59.00 | 174.00 | 233.00 | OK | |
r-oldrel-macos-arm64 | 2.0-5 | 83.00 | NOTE | |||
r-oldrel-macos-x86_64 | 2.1-0 | 194.00 | NOTE | |||
r-oldrel-windows-x86_64 | 2.1-0 | 55.00 | 166.00 | 221.00 | OK |
Version: 2.1-0
Check: tests
Result: NOTE
Running ‘ttclust.R’ [30s/21s]
Comparing ‘ttclust.Rout’ to ‘ttclust.Rout.save’ ...21,22d20
< OMP: Warning #96: Cannot form a team with 8 threads, using 2 instead.
< OMP: Hint Consider unsetting KMP_DEVICE_THREAD_LIMIT (KMP_ALL_THREADS), KMP_TEAMS_THREAD_LIMIT, and OMP_THREAD_LIMIT (if any are set).
Flavor: r-devel-linux-x86_64-fedora-clang
Version: 2.0-5
Check: installed package size
Result: NOTE
installed size is 7.4Mb
sub-directories of 1Mb or more:
libs 6.1Mb
Flavors: r-release-macos-arm64, r-oldrel-macos-arm64
Version: 2.1-0
Check: installed package size
Result: NOTE
installed size is 7.5Mb
sub-directories of 1Mb or more:
libs 6.2Mb
Flavors: r-release-macos-x86_64, r-oldrel-macos-x86_64
These binaries (installable software) and packages are in development.
They may not be fully stable and should be used with caution. We make no claims about them.
Health stats visible at Monitor.