Last updated on 2025-05-17 11:51:27 CEST.
Flavor | Version | Tinstall | Tcheck | Ttotal | Status | Flags |
---|---|---|---|---|---|---|
r-devel-linux-x86_64-debian-clang | 1.2-11 | 5.62 | 33.53 | 39.15 | NOTE | |
r-devel-linux-x86_64-debian-gcc | 1.2-11 | 4.45 | 26.80 | 31.25 | NOTE | |
r-devel-linux-x86_64-fedora-clang | 1.2-11 | 64.82 | NOTE | |||
r-devel-linux-x86_64-fedora-gcc | 1.2-11 | 64.98 | NOTE | |||
r-devel-windows-x86_64 | 1.2-11 | 8.00 | 54.00 | 62.00 | NOTE | |
r-patched-linux-x86_64 | 1.2-11 | 6.03 | 32.78 | 38.81 | NOTE | |
r-release-linux-x86_64 | 1.2-11 | 5.30 | 32.56 | 37.86 | NOTE | |
r-release-macos-arm64 | 1.2-11 | 50.00 | NOTE | |||
r-release-macos-x86_64 | 1.2-11 | 78.00 | NOTE | |||
r-release-windows-x86_64 | 1.2-11 | 9.00 | 65.00 | 74.00 | NOTE | |
r-oldrel-macos-arm64 | 1.2-11 | 38.00 | NOTE | |||
r-oldrel-macos-x86_64 | 1.2-11 | 47.00 | NOTE | |||
r-oldrel-windows-x86_64 | 1.2-11 | 8.00 | 52.00 | 60.00 | NOTE |
Version: 1.2-11
Check: CRAN incoming feasibility
Result: NOTE
Maintainer: ‘Philippe Grosjean <phgrosjean@sciviews.org>’
Package CITATION file contains call(s) to old-style personList() or
as.personList(). Please use c() on person objects instead.
Package CITATION file contains call(s) to old-style citEntry(). Please
use bibentry() instead.
Found the following \keyword or \concept entries
which likely give several index terms:
File ‘tclVarFun.Rd’:
\concept{ Tcl/Tk variables and proc, function call [TRUNCATED]
File ‘tk2dialogs.Rd’:
\concept{ More Tcl/Tk dialog boxes, font and color [TRUNCATED]
File ‘tk2methods.Rd’:
\concept{ Tcl/Tk widgets notebook, combobox, paned [TRUNCATED]
File ‘tk2widgets.Rd’:
\concept{ Tcl/Tk widgets notebook, combobox, paned [TRUNCATED]
File ‘unix/tk2dde.Rd’:
\concept{ Interprocess communication, DDE }
File ‘unix/tk2ico.Rd’:
\concept{ icons, windows }
File ‘unix/tk2reg.Rd’:
\concept{ Windows registry, keys, hives, permanent [TRUNCATED]
File ‘windows/tk2dde.Rd’:
\concept{ Interprocess communication, DDE }
File ‘windows/tk2ico.Rd’:
\concept{ icons, windows }
File ‘windows/tk2reg.Rd’:
\concept{ Windows registry, keys, hives, permanent [TRUNCATED]
Flavors: r-devel-linux-x86_64-debian-clang, r-devel-linux-x86_64-debian-gcc
Version: 1.2-11
Check: DESCRIPTION meta-information
Result: NOTE
Malformed Description field: should contain one or more complete sentences.
Flavors: r-devel-linux-x86_64-debian-clang, r-devel-linux-x86_64-debian-gcc, r-devel-linux-x86_64-fedora-clang, r-devel-linux-x86_64-fedora-gcc, r-devel-windows-x86_64, r-patched-linux-x86_64, r-release-linux-x86_64, r-release-macos-arm64, r-release-macos-x86_64, r-release-windows-x86_64, r-oldrel-macos-arm64, r-oldrel-macos-x86_64, r-oldrel-windows-x86_64
Version: 1.2-11
Check: Rd files
Result: NOTE
checkRd: (-1) windows/tk2reg.Rd:17: Escaped LaTeX specials: \_
checkRd: (-1) windows/tk2reg.Rd:18: Escaped LaTeX specials: \_ \_ \_
checkRd: (-1) windows/tk2reg.Rd:51: Escaped LaTeX specials: \_
checkRd: (-1) windows/tk2reg.Rd:52: Escaped LaTeX specials: \_ \_
checkRd: (-1) windows/tk2reg.Rd:53: Escaped LaTeX specials: \_ \_
checkRd: (-1) windows/tk2reg.Rd:57: Escaped LaTeX specials: \_ \_
checkRd: (-1) windows/tk2reg.Rd:58: Escaped LaTeX specials: \_ \_
checkRd: (-1) windows/tk2reg.Rd:60: Escaped LaTeX specials: \_
Flavors: r-devel-linux-x86_64-debian-clang, r-devel-linux-x86_64-debian-gcc, r-devel-linux-x86_64-fedora-clang, r-devel-linux-x86_64-fedora-gcc, r-devel-windows-x86_64, r-patched-linux-x86_64, r-release-linux-x86_64, r-release-macos-arm64, r-release-macos-x86_64, r-release-windows-x86_64, r-oldrel-macos-arm64, r-oldrel-macos-x86_64, r-oldrel-windows-x86_64
Version: 1.2-11
Check: installed package size
Result: NOTE
installed size is 5.1Mb
sub-directories of 1Mb or more:
tklibs 4.7Mb
Flavors: r-oldrel-macos-arm64, r-oldrel-macos-x86_64
These binaries (installable software) and packages are in development.
They may not be fully stable and should be used with caution. We make no claims about them.
Health stats visible at Monitor.