Last updated on 2025-02-23 19:51:22 CET.
Flavor | Version | Tinstall | Tcheck | Ttotal | Status | Flags |
---|---|---|---|---|---|---|
r-devel-linux-x86_64-debian-clang | 0.10.0 | 16.21 | 108.85 | 125.06 | OK | |
r-devel-linux-x86_64-debian-gcc | 0.10.0 | 11.24 | 71.79 | 83.03 | OK | |
r-devel-linux-x86_64-fedora-clang | 0.10.0 | 217.55 | OK | |||
r-devel-linux-x86_64-fedora-gcc | 0.10.0 | 202.29 | OK | |||
r-devel-macos-arm64 | 0.10.0 | 38.00 | OK | |||
r-devel-macos-x86_64 | 0.10.0 | 104.00 | OK | |||
r-devel-windows-x86_64 | 0.10.0 | 19.00 | 139.00 | 158.00 | OK | |
r-patched-linux-x86_64 | 0.10.0 | 20.70 | 99.50 | 120.20 | OK | |
r-release-linux-x86_64 | 0.10.0 | 15.54 | 99.67 | 115.21 | OK | |
r-release-macos-arm64 | 0.10.0 | 53.00 | NOTE | |||
r-release-macos-x86_64 | 0.10.0 | 113.00 | OK | |||
r-release-windows-x86_64 | 0.10.0 | 18.00 | 141.00 | 159.00 | OK | |
r-oldrel-macos-arm64 | 0.9.100.1 | 88.00 | NOTE | |||
r-oldrel-macos-x86_64 | 0.10.0 | 96.00 | OK | |||
r-oldrel-windows-x86_64 | 0.10.0 | 25.00 | 168.00 | 193.00 | OK |
Version: 0.10.0
Check: R code for possible problems
Result: NOTE
Found the following possibly unsafe calls:
Fatal error: cannot create 'R_TempDir'
Fatal error: cannot create 'R_TempDir'
Flavor: r-release-macos-arm64
Version: 0.9.100.1
Check: R code for possible problems
Result: NOTE
bold_search: no visible global function definition for ‘bold_tax_name’
bold_search: no visible global function definition for ‘bold_tax_id’
check_boldid: no visible global function definition for ‘bold_tax_id’
Undefined global functions or variables:
bold_tax_id bold_tax_name
Flavor: r-oldrel-macos-arm64
These binaries (installable software) and packages are in development.
They may not be fully stable and should be used with caution. We make no claims about them.
Health stats visible at Monitor.