Last updated on 2025-02-23 13:51:27 CET.
Flavor | Version | Tinstall | Tcheck | Ttotal | Status | Flags |
---|---|---|---|---|---|---|
r-devel-linux-x86_64-debian-clang | 0.1.4 | 5.36 | 36.33 | 41.69 | NOTE | |
r-devel-linux-x86_64-debian-gcc | 0.1.4 | 3.50 | 27.75 | 31.25 | NOTE | |
r-devel-linux-x86_64-fedora-clang | 0.1.4 | 75.03 | WARN | |||
r-devel-linux-x86_64-fedora-gcc | 0.1.4 | 86.59 | NOTE | |||
r-devel-macos-arm64 | 0.1.4 | 35.00 | NOTE | |||
r-devel-macos-x86_64 | 0.1.4 | 57.00 | NOTE | |||
r-devel-windows-x86_64 | 0.1.4 | 10.00 | 69.00 | 79.00 | NOTE | |
r-patched-linux-x86_64 | 0.1.4 | 5.29 | 34.65 | 39.94 | NOTE | |
r-release-linux-x86_64 | 0.1.4 | 5.47 | 34.83 | 40.30 | NOTE | |
r-release-macos-arm64 | 0.1.4 | 31.00 | NOTE | |||
r-release-macos-x86_64 | 0.1.4 | 46.00 | NOTE | |||
r-release-windows-x86_64 | 0.1.4 | 11.00 | 63.00 | 74.00 | NOTE | |
r-oldrel-macos-arm64 | 0.1.4 | 34.00 | NOTE | |||
r-oldrel-macos-x86_64 | 0.1.4 | 51.00 | NOTE | |||
r-oldrel-windows-x86_64 | 0.1.4 | 11.00 | 71.00 | 82.00 | NOTE |
Version: 0.1.4
Check: C++ specification
Result: NOTE
Specified C++11: please drop specification unless essential
Flavors: r-devel-linux-x86_64-debian-clang, r-devel-linux-x86_64-debian-gcc, r-devel-linux-x86_64-fedora-clang, r-devel-linux-x86_64-fedora-gcc, r-devel-macos-arm64, r-devel-macos-x86_64, r-devel-windows-x86_64, r-patched-linux-x86_64, r-release-linux-x86_64, r-release-macos-arm64, r-release-macos-x86_64, r-release-windows-x86_64, r-oldrel-macos-arm64, r-oldrel-macos-x86_64, r-oldrel-windows-x86_64
Version: 0.1.4
Check: whether package can be installed
Result: WARN
Found the following significant warnings:
/data/gannet/ripley/R/test-clang/cpp11/include/cpp11/R.hpp:52:31: warning: identifier '_xl' preceded by whitespace in a literal operator declaration is deprecated [-Wdeprecated-literal-operator]
/data/gannet/ripley/R/test-clang/cpp11/include/cpp11/named_arg.hpp:42:29: warning: identifier '_nm' preceded by whitespace in a literal operator declaration is deprecated [-Wdeprecated-literal-operator]
See ‘/data/gannet/ripley/R/packages/tests-clang/tardis.Rcheck/00install.out’ for details.
* used C++ compiler: ‘clang version 20.1.0-rc2’
Flavor: r-devel-linux-x86_64-fedora-clang
These binaries (installable software) and packages are in development.
They may not be fully stable and should be used with caution. We make no claims about them.
Health stats visible at Monitor.