CRAN Package Check Results for Package tacmagic

Last updated on 2025-05-15 11:50:18 CEST.

Flavor Version Tinstall Tcheck Ttotal Status Flags
r-devel-linux-x86_64-debian-clang 0.3.1 3.26 54.51 57.77 NOTE
r-devel-linux-x86_64-debian-gcc 0.3.1 2.35 39.38 41.73 NOTE
r-devel-linux-x86_64-fedora-clang 0.3.1 93.73 OK
r-devel-linux-x86_64-fedora-gcc 0.3.1 109.93 OK
r-devel-windows-x86_64 0.3.1 4.00 75.00 79.00 OK
r-patched-linux-x86_64 0.3.1 3.51 52.27 55.78 OK
r-release-linux-x86_64 0.3.1 3.44 52.16 55.60 OK
r-release-macos-arm64 0.3.1 42.00 OK
r-release-macos-x86_64 0.3.1 66.00 OK
r-release-windows-x86_64 0.3.1 6.00 76.00 82.00 OK
r-oldrel-macos-arm64 0.3.1 40.00 OK
r-oldrel-macos-x86_64 0.3.1 53.00 OK
r-oldrel-windows-x86_64 0.3.1 6.00 89.00 95.00 OK

Check Details

Version: 0.3.1
Check: CRAN incoming feasibility
Result: NOTE Maintainer: ‘Eric Brown <eb@ericebrown.com>’ The BugReports field in DESCRIPTION has https://github.com/ropensci/tacmagic which should likely be https://github.com/ropensci/tacmagic/issues instead. Flavors: r-devel-linux-x86_64-debian-clang, r-devel-linux-x86_64-debian-gcc

These binaries (installable software) and packages are in development.
They may not be fully stable and should be used with caution. We make no claims about them.
Health stats visible at Monitor.