Last updated on 2025-02-02 07:50:28 CET.
Flavor | Version | Tinstall | Tcheck | Ttotal | Status | Flags |
---|---|---|---|---|---|---|
r-devel-linux-x86_64-debian-clang | 1.1.2 | 12.30 | 66.73 | 79.03 | NOTE | |
r-devel-linux-x86_64-debian-gcc | 1.1.2 | 8.12 | 48.08 | 56.20 | NOTE | |
r-devel-linux-x86_64-fedora-clang | 1.1.2 | 80.13 | NOTE | |||
r-devel-linux-x86_64-fedora-gcc | 1.1.2 | 122.86 | NOTE | |||
r-devel-windows-x86_64 | 1.1.2 | 13.00 | 137.00 | 150.00 | NOTE | |
r-patched-linux-x86_64 | 1.1.2 | 16.49 | 63.59 | 80.08 | NOTE | |
r-release-linux-x86_64 | 1.1.2 | 11.53 | 63.97 | 75.50 | NOTE | |
r-release-macos-arm64 | 1.1.2 | 65.00 | NOTE | |||
r-release-macos-x86_64 | 1.1.2 | 89.00 | NOTE | |||
r-release-windows-x86_64 | 1.1.2 | 14.00 | 135.00 | 149.00 | NOTE | |
r-oldrel-macos-arm64 | 1.1.2 | 112.00 | OK | |||
r-oldrel-macos-x86_64 | 1.1.2 | 132.00 | OK | |||
r-oldrel-windows-x86_64 | 1.1.2 | 15.00 | 148.00 | 163.00 | OK |
Version: 1.1.2
Check: Rd files
Result: NOTE
checkRd: (-1) Field.Rd:69: Lost braces in \itemize; meant \describe ?
checkRd: (-1) Field.Rd:70: Lost braces in \itemize; meant \describe ?
checkRd: (-1) Field.Rd:71: Lost braces in \itemize; meant \describe ?
checkRd: (-1) Field.Rd:72: Lost braces in \itemize; meant \describe ?
checkRd: (-1) Field.Rd:77: Lost braces in \itemize; meant \describe ?
checkRd: (-1) Field.Rd:78-80: Lost braces in \itemize; meant \describe ?
checkRd: (-1) Field.Rd:81: Lost braces in \itemize; meant \describe ?
checkRd: (-1) Field.Rd:82: Lost braces in \itemize; meant \describe ?
checkRd: (-1) Field.Rd:88: Lost braces in \itemize; meant \describe ?
checkRd: (-1) Field.Rd:89: Lost braces in \itemize; meant \describe ?
checkRd: (-1) Field.Rd:90: Lost braces in \itemize; meant \describe ?
checkRd: (-1) Profile.Rd:32: Lost braces in \itemize; meant \describe ?
checkRd: (-1) Profile.Rd:33: Lost braces in \itemize; meant \describe ?
checkRd: (-1) Schema.Rd:41: Lost braces in \itemize; meant \describe ?
checkRd: (-1) Schema.Rd:42: Lost braces in \itemize; meant \describe ?
checkRd: (-1) Schema.Rd:48: Lost braces in \itemize; meant \describe ?
checkRd: (-1) Schema.Rd:49: Lost braces in \itemize; meant \describe ?
checkRd: (-1) Schema.Rd:50: Lost braces in \itemize; meant \describe ?
checkRd: (-1) Schema.Rd:56: Lost braces in \itemize; meant \describe ?
checkRd: (-1) Schema.Rd:57: Lost braces in \itemize; meant \describe ?
checkRd: (-1) Schema.Rd:58: Lost braces in \itemize; meant \describe ?
checkRd: (-1) Schema.Rd:64: Lost braces in \itemize; meant \describe ?
checkRd: (-1) Schema.Rd:65: Lost braces in \itemize; meant \describe ?
checkRd: (-1) Schema.Rd:71: Lost braces in \itemize; meant \describe ?
checkRd: (-1) Schema.Rd:72-76: Lost braces in \itemize; meant \describe ?
checkRd: (-1) Schema.Rd:77: Lost braces in \itemize; meant \describe ?
checkRd: (-1) Schema.Rd:83: Lost braces in \itemize; meant \describe ?
checkRd: (-1) Schema.Rd:84: Lost braces in \itemize; meant \describe ?
checkRd: (-1) Schema.Rd:85: Lost braces in \itemize; meant \describe ?
checkRd: (-1) Schema.Rd:92: Lost braces in \itemize; meant \describe ?
checkRd: (-1) Schema.Rd:93: Lost braces in \itemize; meant \describe ?
checkRd: (-1) Schema.Rd:94: Lost braces in \itemize; meant \describe ?
checkRd: (-1) Table.Rd:54: Lost braces in \itemize; meant \describe ?
checkRd: (-1) Table.Rd:55: Lost braces in \itemize; meant \describe ?
checkRd: (-1) Table.Rd:56: Lost braces in \itemize; meant \describe ?
checkRd: (-1) Table.Rd:57-58: Lost braces in \itemize; meant \describe ?
checkRd: (-1) Table.Rd:59: Lost braces in \itemize; meant \describe ?
checkRd: (-1) Table.Rd:66: Lost braces in \itemize; meant \describe ?
checkRd: (-1) Table.Rd:67: Lost braces in \itemize; meant \describe ?
checkRd: (-1) Table.Rd:68: Lost braces in \itemize; meant \describe ?
checkRd: (-1) Table.Rd:69-70: Lost braces in \itemize; meant \describe ?
checkRd: (-1) Table.Rd:71: Lost braces in \itemize; meant \describe ?
checkRd: (-1) Table.Rd:78: Lost braces in \itemize; meant \describe ?
checkRd: (-1) Table.Rd:85: Lost braces in \itemize; meant \describe ?
checkRd: (-1) tableschema.r-package.Rd:174: Lost braces
174 | in the resources array of a href{http://frictionlessdata.io/specs/data-package/}{Data Package}.
| ^
checkRd: (-1) tableschema.r-package.Rd:174: Lost braces
174 | in the resources array of a href{http://frictionlessdata.io/specs/data-package/}{Data Package}.
| ^
checkRd: (-1) types.castDate.Rd:14: Lost braces in \itemize; meant \describe ?
checkRd: (-1) types.castDate.Rd:15: Lost braces in \itemize; meant \describe ?
checkRd: (-1) types.castDate.Rd:16: Lost braces in \itemize; meant \describe ?
Flavors: r-devel-linux-x86_64-debian-clang, r-devel-linux-x86_64-debian-gcc, r-devel-linux-x86_64-fedora-clang, r-devel-linux-x86_64-fedora-gcc, r-devel-windows-x86_64, r-patched-linux-x86_64, r-release-linux-x86_64, r-release-macos-arm64, r-release-macos-x86_64, r-release-windows-x86_64
Version: 1.1.2
Check: Rd cross-references
Result: NOTE
Found the following Rd file(s) with Rd \link{} targets missing package
anchors:
Constraints.Rd: R6Class
Field.Rd: R6Class
Profile.Rd: R6Class
Readable.Rd: R6Class
ReadableArray.Rd: R6Class
ReadableConnection.Rd: R6Class
Schema.Rd: R6Class
Table.Rd: R6Class
TableSchemaError.Rd: R6Class
Types.Rd: R6Class
Writeable.Rd: R6Class
Please provide package anchors for all Rd \link{} targets not in the
package itself and the base packages.
Flavors: r-devel-linux-x86_64-debian-clang, r-devel-linux-x86_64-debian-gcc, r-devel-windows-x86_64
These binaries (installable software) and packages are in development.
They may not be fully stable and should be used with caution. We make no claims about them.
Health stats visible at Monitor.