Last updated on 2024-05-02 09:52:10 CEST.
Flavor | Version | Tinstall | Tcheck | Ttotal | Status | Flags |
---|---|---|---|---|---|---|
r-devel-linux-x86_64-debian-clang | 0.0.3 | 3.48 | 42.76 | 46.24 | NOTE | |
r-devel-linux-x86_64-debian-gcc | 0.0.3 | 2.92 | 33.11 | 36.03 | NOTE | |
r-devel-linux-x86_64-fedora-clang | 0.0.3 | 59.87 | NOTE | |||
r-devel-linux-x86_64-fedora-gcc | 0.0.3 | 69.84 | NOTE | |||
r-devel-windows-x86_64 | 0.0.3 | 5.00 | 65.00 | 70.00 | NOTE | |
r-patched-linux-x86_64 | 0.0.3 | 3.74 | 41.99 | 45.73 | NOTE | |
r-release-linux-x86_64 | 0.0.3 | 3.39 | 41.46 | 44.85 | NOTE | |
r-release-macos-arm64 | 0.0.3 | 28.00 | NOTE | |||
r-release-windows-x86_64 | 0.0.3 | 5.00 | 64.00 | 69.00 | NOTE | |
r-oldrel-macos-arm64 | 0.0.3 | 29.00 | OK | |||
r-oldrel-macos-x86_64 | 0.0.3 | 42.00 | OK | |||
r-oldrel-windows-x86_64 | 0.0.3 | 6.00 | 63.00 | 69.00 | OK |
Version: 0.0.3
Check: Rd files
Result: NOTE
checkRd: (-1) table_ester.Rd:32: Lost braces; missing escapes or markup?
32 | inside of curly brackets, i.e., { } . For instance, if estimate = 1.23
| ^
checkRd: (-1) table_ester.Rd:33: Lost braces; missing escapes or markup?
33 | and error = 0.45, then \code{form} = "{estimate} ({error})" will return
| ^
checkRd: (-1) table_ester.Rd:33: Lost braces; missing escapes or markup?
33 | and error = 0.45, then \code{form} = "{estimate} ({error})" will return
| ^
Flavors: r-devel-linux-x86_64-debian-clang, r-devel-linux-x86_64-debian-gcc, r-devel-linux-x86_64-fedora-clang, r-devel-linux-x86_64-fedora-gcc, r-devel-windows-x86_64, r-patched-linux-x86_64, r-release-linux-x86_64, r-release-macos-arm64, r-release-windows-x86_64
These binaries (installable software) and packages are in development.
They may not be fully stable and should be used with caution. We make no claims about them.
Health stats visible at Monitor.