Last updated on 2025-05-03 22:50:11 CEST.
Flavor | Version | Tinstall | Tcheck | Ttotal | Status | Flags |
---|---|---|---|---|---|---|
r-devel-linux-x86_64-debian-clang | 5.1.1 | 15.08 | 114.14 | 129.22 | NOTE | |
r-devel-linux-x86_64-debian-gcc | 5.1.1 | 9.91 | 79.49 | 89.40 | NOTE | |
r-devel-linux-x86_64-fedora-clang | 5.1.1 | 193.59 | NOTE | |||
r-devel-linux-x86_64-fedora-gcc | 5.1.1 | 214.56 | NOTE | |||
r-devel-windows-x86_64 | 5.1.1 | 16.00 | 118.00 | 134.00 | NOTE | |
r-patched-linux-x86_64 | 5.1.1 | 14.10 | 107.72 | 121.82 | NOTE | |
r-release-linux-x86_64 | NOTE | |||||
r-release-macos-arm64 | 5.1.1 | 94.00 | NOTE | |||
r-release-macos-x86_64 | 5.1.1 | 127.00 | NOTE | |||
r-release-windows-x86_64 | 5.1.1 | 16.00 | 116.00 | 132.00 | NOTE | |
r-oldrel-macos-arm64 | 5.1.1 | 56.00 | NOTE | |||
r-oldrel-macos-x86_64 | 5.1.1 | 89.00 | NOTE | |||
r-oldrel-windows-x86_64 | 5.1.1 | 21.00 | 147.00 | 168.00 | NOTE |
Version: 5.1.1
Check: CRAN incoming feasibility
Result: NOTE
Maintainer: ‘Dane R. Van Domelen <vandomed@gmail.com>’
No Authors@R field in DESCRIPTION.
Please add one, modifying
Authors@R: person(given = c("Dane", "R."),
family = "Van Domelen",
role = c("aut", "cre"),
email = "vandomed@gmail.com")
as necessary.
Flavors: r-devel-linux-x86_64-debian-clang, r-devel-linux-x86_64-debian-gcc
Version: 5.1.1
Check: Rd files
Result: NOTE
checkRd: (-1) tabmulti.Rd:68: Lost braces
68 | \\code{yvarlabels = list(race = "Race/ethnicity", age_yrs = "Age (years)")}.}
| ^
checkRd: (-1) tabmulti.svy.Rd:67: Lost braces
67 | \\code{yvarlabels = list(race = "Race/ethnicity", age_yrs = "Age (years)")}.}
| ^
Flavors: r-devel-linux-x86_64-debian-clang, r-devel-linux-x86_64-debian-gcc, r-devel-linux-x86_64-fedora-clang, r-devel-linux-x86_64-fedora-gcc, r-devel-windows-x86_64, r-patched-linux-x86_64, r-release-linux-x86_64, r-release-macos-arm64, r-release-macos-x86_64, r-release-windows-x86_64, r-oldrel-macos-arm64, r-oldrel-macos-x86_64, r-oldrel-windows-x86_64
These binaries (installable software) and packages are in development.
They may not be fully stable and should be used with caution. We make no claims about them.
Health stats visible at Monitor.