Last updated on 2025-02-23 19:51:22 CET.
Flavor | Version | Tinstall | Tcheck | Ttotal | Status | Flags |
---|---|---|---|---|---|---|
r-devel-linux-x86_64-debian-clang | 0.8.9 | 4.47 | 21.02 | 25.49 | OK | |
r-devel-linux-x86_64-debian-gcc | 0.8.9 | 3.64 | 17.48 | 21.12 | OK | |
r-devel-linux-x86_64-fedora-clang | 0.8.9 | 44.12 | OK | |||
r-devel-linux-x86_64-fedora-gcc | 0.8.9 | 40.47 | OK | |||
r-devel-macos-arm64 | 0.8.9 | 23.00 | OK | |||
r-devel-macos-x86_64 | 0.8.9 | 37.00 | OK | |||
r-devel-windows-x86_64 | 0.8.9 | 16.00 | 55.00 | 71.00 | OK | |
r-patched-linux-x86_64 | 0.8.9 | 8.35 | 19.82 | 28.17 | OK | |
r-release-linux-x86_64 | 0.8.9 | 3.12 | 19.77 | 22.89 | OK | |
r-release-macos-arm64 | 0.8.9 | 22.00 | WARN | |||
r-release-macos-x86_64 | 0.8.9 | 29.00 | NOTE | |||
r-release-windows-x86_64 | 0.8.9 | 16.00 | 56.00 | 72.00 | OK | |
r-oldrel-macos-arm64 | 0.8.9 | 29.00 | NOTE | |||
r-oldrel-macos-x86_64 | 0.8.9 | 63.00 | NOTE | |||
r-oldrel-windows-x86_64 | 0.8.9 | 17.00 | 60.00 | 77.00 | OK |
Version: 0.8.9
Check: installed package size
Result: NOTE
installed size is 21.3Mb
sub-directories of 1Mb or more:
fonts 1.8Mb
libs 19.4Mb
Flavors: r-release-macos-arm64, r-release-macos-x86_64, r-oldrel-macos-arm64, r-oldrel-macos-x86_64
Version: 0.8.9
Check: package subdirectories
Result: WARN
Error: inferior call failed
Execution halted
Please remove or rename the files.
See section ‘Package subdirectories’ in the ‘Writing R Extensions’
manual.
Problems with news in ‘inst/NEWS.Rd’:
cannot open the connection
Flavor: r-release-macos-arm64
Version: 0.8.9
Check: for missing documentation entries
Result: WARN
Fatal error: cannot create 'R_TempDir'
All user-level objects in a package should have documentation entries.
See chapter ‘Writing R documentation files’ in the ‘Writing R
Extensions’ manual.
Flavor: r-release-macos-arm64
Version: 0.8.9
Check: for code/documentation mismatches
Result: WARN
Fatal error: cannot create 'R_TempDir'
* checking Rd \usage sections ...* using check arguments '--no-clean-on-error '
Flavor: r-release-macos-arm64
These binaries (installable software) and packages are in development.
They may not be fully stable and should be used with caution. We make no claims about them.
Health stats visible at Monitor.