Last updated on 2025-05-15 11:50:17 CEST.
Flavor | Version | Tinstall | Tcheck | Ttotal | Status | Flags |
---|---|---|---|---|---|---|
r-devel-linux-x86_64-debian-clang | 0.3.8 | 3.62 | 33.59 | 37.21 | NOTE | |
r-devel-linux-x86_64-debian-gcc | 0.3.8 | 2.64 | 25.09 | 27.73 | NOTE | |
r-devel-linux-x86_64-fedora-clang | 0.3.8 | 60.56 | NOTE | |||
r-devel-linux-x86_64-fedora-gcc | 0.3.8 | 53.90 | NOTE | |||
r-devel-windows-x86_64 | 0.3.8 | 4.00 | 57.00 | 61.00 | NOTE | |
r-patched-linux-x86_64 | 0.3.8 | 3.21 | 30.68 | 33.89 | NOTE | |
r-release-linux-x86_64 | 0.3.8 | 3.34 | 31.76 | 35.10 | NOTE | |
r-release-macos-arm64 | 0.3.8 | 19.00 | NOTE | |||
r-release-macos-x86_64 | 0.3.8 | 32.00 | NOTE | |||
r-release-windows-x86_64 | 0.3.8 | 4.00 | 62.00 | 66.00 | NOTE | |
r-oldrel-macos-arm64 | 0.3.8 | 18.00 | NOTE | |||
r-oldrel-macos-x86_64 | 0.3.8 | 28.00 | NOTE | |||
r-oldrel-windows-x86_64 | 0.3.8 | 4.00 | 56.00 | 60.00 | NOTE |
Version: 0.3.8
Check: CRAN incoming feasibility
Result: NOTE
Maintainer: ‘Tarik C. Gouhier <tarik.gouhier@gmail.com>’
No Authors@R field in DESCRIPTION.
Please add one, modifying
Authors@R: person(given = c("Tarik", "C."),
family = "Gouhier",
role = c("aut", "cre"),
email = "tarik.gouhier@gmail.com")
as necessary.
Flavors: r-devel-linux-x86_64-debian-clang, r-devel-linux-x86_64-debian-gcc
Version: 0.3.8
Check: Rd files
Result: NOTE
checkRd: (-1) coord2dist.Rd:14: Lost braces; missing escapes or markup?
14 | \code{n} x 4 matrix of coordinates consisting of {lat or y, lon or x} pairs for each each site
| ^
Flavors: r-devel-linux-x86_64-debian-clang, r-devel-linux-x86_64-debian-gcc, r-devel-linux-x86_64-fedora-clang, r-devel-linux-x86_64-fedora-gcc, r-devel-windows-x86_64, r-patched-linux-x86_64, r-release-linux-x86_64, r-release-macos-arm64, r-release-macos-x86_64, r-release-windows-x86_64, r-oldrel-macos-arm64, r-oldrel-macos-x86_64, r-oldrel-windows-x86_64
These binaries (installable software) and packages are in development.
They may not be fully stable and should be used with caution. We make no claims about them.
Health stats visible at Monitor.