CRAN Package Check Results for Package sym.arma

Last updated on 2025-05-15 07:49:53 CEST.

Flavor Version Tinstall Tcheck Ttotal Status Flags
r-devel-linux-x86_64-debian-clang 1.0 4.86 31.56 36.42 NOTE
r-devel-linux-x86_64-debian-gcc 1.0 3.86 22.69 26.55 NOTE
r-devel-linux-x86_64-fedora-clang 1.0 59.35 NOTE
r-devel-linux-x86_64-fedora-gcc 1.0 54.62 NOTE
r-devel-windows-x86_64 1.0 5.00 46.00 51.00 NOTE
r-patched-linux-x86_64 1.0 4.59 29.49 34.08 NOTE
r-release-linux-x86_64 1.0 4.58 29.85 34.43 NOTE
r-release-macos-arm64 1.0 NOTE
r-release-macos-x86_64 1.0 34.00 NOTE
r-release-windows-x86_64 1.0 5.00 50.00 55.00 NOTE
r-oldrel-macos-arm64 1.0 20.00 NOTE
r-oldrel-macos-x86_64 1.0 28.00 NOTE
r-oldrel-windows-x86_64 1.0 5.00 47.00 52.00 NOTE

Check Details

Version: 1.0
Check: CRAN incoming feasibility
Result: NOTE Maintainer: ‘Vinicius Quintas Souto Maior <vinicius@de.ufpe.br>’ No Authors@R field in DESCRIPTION. Please add one, modifying Authors@R: c(person(given = c("Vinicius", "Quintas", "Souto"), family = "Maior", role = c("aut", "cre", "cph"), email = "vinicius@de.ufpe.br"), person(given = c("Francisco", "Jose", "A"), family = "Cysneiros", role = "aut")) as necessary. Found the following URLs which should use \doi (with the DOI name only): File ‘elliptical.ts.Rd’: https://doi.org/10.1007/s00362-016-0753-z File ‘influence.Rd’: https://doi.org/10.1080/03610929308831105 https://doi.org/10.2307/3109764 https://doi.org/10.1198/073500104000000217 File ‘predict.Rd’: https://doi.org/10.1007/s00362-016-0753-z File ‘sym.arma-package.Rd’: https://doi.org/10.1007/s00362-016-0753-z Flavors: r-devel-linux-x86_64-debian-clang, r-devel-linux-x86_64-debian-gcc

Version: 1.0
Check: Rd files
Result: NOTE checkRd: (-1) elliptical.ts.Rd:18: Lost braces; missing escapes or markup? 18 | \item{epsilon}{positive convergence tolerance \emph{e}; the iterations converge when |fit - fit_{old}|/|fit| < \emph{e}. Default is \emph{e=1e-04}.} | ^ Flavors: r-devel-linux-x86_64-debian-clang, r-devel-linux-x86_64-debian-gcc, r-devel-linux-x86_64-fedora-clang, r-devel-linux-x86_64-fedora-gcc, r-devel-windows-x86_64, r-patched-linux-x86_64, r-release-linux-x86_64, r-release-macos-arm64, r-release-macos-x86_64, r-release-windows-x86_64, r-oldrel-macos-arm64, r-oldrel-macos-x86_64, r-oldrel-windows-x86_64

These binaries (installable software) and packages are in development.
They may not be fully stable and should be used with caution. We make no claims about them.
Health stats visible at Monitor.