Last updated on 2025-05-17 15:50:58 CEST.
Flavor | Version | Tinstall | Tcheck | Ttotal | Status | Flags |
---|---|---|---|---|---|---|
r-devel-linux-x86_64-debian-clang | 0.1.8 | 11.47 | 38.74 | 50.21 | NOTE | |
r-devel-linux-x86_64-debian-gcc | 0.1.8 | 8.59 | 28.40 | 36.99 | NOTE | |
r-devel-linux-x86_64-fedora-clang | 0.1.8 | 82.95 | OK | |||
r-devel-linux-x86_64-fedora-gcc | 0.1.8 | 81.43 | OK | |||
r-devel-windows-x86_64 | 0.1.8 | 17.00 | 82.00 | 99.00 | OK | |
r-patched-linux-x86_64 | 0.1.8 | 12.46 | 35.38 | 47.84 | OK | |
r-release-linux-x86_64 | 0.1.8 | 11.75 | 35.68 | 47.43 | OK | |
r-release-macos-arm64 | 0.1.8 | 36.00 | OK | |||
r-release-macos-x86_64 | 0.1.8 | 52.00 | OK | |||
r-release-windows-x86_64 | 0.1.8 | 18.00 | 83.00 | 101.00 | OK | |
r-oldrel-macos-arm64 | 0.1.8 | 30.00 | OK | |||
r-oldrel-macos-x86_64 | 0.1.8 | 41.00 | OK | |||
r-oldrel-windows-x86_64 | 0.1.8 | 20.00 | 96.00 | 116.00 | OK |
Version: 0.1.8
Check: CRAN incoming feasibility
Result: NOTE
Maintainer: ‘Chung-hong Chan <chainsawtiney@gmail.com>’
The Description field contains
(Mazini et al., 2019) <arXiv:1904.04047>, SemAxis (An et al., 2018)
<arXiv:1806.05521>, Relative Negative Sentiment Bias (Sweeney &
Test (Dev & Phillips, 2019) <arXiv:1901.07656>.
Please refer to arXiv e-prints via their arXiv DOI <doi:10.48550/arXiv.YYMM.NNNNN>.
Flavors: r-devel-linux-x86_64-debian-clang, r-devel-linux-x86_64-debian-gcc
These binaries (installable software) and packages are in development.
They may not be fully stable and should be used with caution. We make no claims about them.
Health stats visible at Monitor.