Last updated on 2025-02-02 07:50:27 CET.
Flavor | Version | Tinstall | Tcheck | Ttotal | Status | Flags |
---|---|---|---|---|---|---|
r-devel-linux-x86_64-debian-clang | 5.17.14.1 | 2.06 | 18.05 | 20.11 | OK | |
r-devel-linux-x86_64-debian-gcc | 5.17.14.1 | 1.57 | 14.89 | 16.46 | OK | |
r-devel-linux-x86_64-fedora-clang | 5.17.14.1 | 32.62 | OK | |||
r-devel-linux-x86_64-fedora-gcc | 5.17.14.1 | 30.53 | OK | |||
r-devel-windows-x86_64 | 5.17.14.1 | 3.00 | 40.00 | 43.00 | OK | |
r-patched-linux-x86_64 | 5.17.14.1 | 1.72 | 17.21 | 18.93 | OK | |
r-release-linux-x86_64 | 5.17.14.1 | 1.81 | 17.19 | 19.00 | OK | |
r-release-macos-arm64 | 5.17.14.1 | 19.00 | NOTE | |||
r-release-macos-x86_64 | 5.17.14.1 | 54.00 | NOTE | |||
r-release-windows-x86_64 | 5.17.14.1 | 6.00 | 41.00 | 47.00 | NOTE | |
r-oldrel-macos-arm64 | 5.17.14.1 | 36.00 | NOTE | |||
r-oldrel-macos-x86_64 | 5.17.14.1 | 59.00 | NOTE | |||
r-oldrel-windows-x86_64 | 5.17.14.1 | 5.00 | 46.00 | 51.00 | NOTE |
Version: 5.17.14.1
Check: installed package size
Result: NOTE
installed size is 6.2Mb
sub-directories of 1Mb or more:
dist3 2.0Mb
dist4 1.7Mb
dist5 2.1Mb
Flavors: r-release-macos-arm64, r-release-macos-x86_64, r-release-windows-x86_64, r-oldrel-macos-arm64, r-oldrel-macos-x86_64, r-oldrel-windows-x86_64
These binaries (installable software) and packages are in development.
They may not be fully stable and should be used with caution. We make no claims about them.
Health stats visible at Monitor.