Last updated on 2024-05-02 01:57:18 CEST.
Flavor | Version | Tinstall | Tcheck | Ttotal | Status | Flags |
---|---|---|---|---|---|---|
r-devel-linux-x86_64-debian-clang | 0.2.3 | 150.17 | 71.24 | 221.41 | OK | |
r-devel-linux-x86_64-debian-gcc | 0.2.3 | 134.58 | 56.30 | 190.88 | OK | |
r-devel-linux-x86_64-fedora-clang | 0.2.3 | 279.41 | NOTE | |||
r-devel-linux-x86_64-fedora-gcc | 0.2.3 | 340.34 | OK | |||
r-devel-windows-x86_64 | 0.2.3 | 106.00 | 117.00 | 223.00 | WARN | |
r-patched-linux-x86_64 | 0.2.3 | 158.57 | 73.48 | 232.05 | OK | |
r-release-linux-x86_64 | 0.2.3 | 155.27 | 73.08 | 228.35 | OK | |
r-release-macos-arm64 | 0.2.3 | 74.00 | NOTE | |||
r-release-windows-x86_64 | 0.2.3 | 113.00 | 113.00 | 226.00 | WARN | |
r-oldrel-macos-arm64 | 0.2.3 | 83.00 | NOTE | |||
r-oldrel-macos-x86_64 | 0.2.3 | 163.00 | NOTE | |||
r-oldrel-windows-x86_64 | 0.2.3 | 134.00 | 133.00 | 267.00 | NOTE |
Version: 0.2.3
Check: installed package size
Result: NOTE
installed size is 5.5Mb
sub-directories of 1Mb or more:
libs 5.0Mb
Flavors: r-devel-linux-x86_64-fedora-clang, r-devel-windows-x86_64, r-release-macos-arm64, r-release-windows-x86_64, r-oldrel-macos-arm64, r-oldrel-macos-x86_64, r-oldrel-windows-x86_64
Version: 0.2.3
Check: whether package can be installed
Result: WARN
Found the following significant warnings:
D:/rtools44/x86_64-w64-mingw32.static.posix/lib/gcc/x86_64-w64-mingw32.static.posix/13.2.0/include/emmintrin.h:169:19: warning: 'void* __builtin_memcpy(void*, const void*, long long unsigned int)' reading 16 or more bytes from a region of size 8 [-Wstringop-overread]
See 'd:/Rcompile/CRANpkg/local/4.5/svines.Rcheck/00install.out' for details.
* used C++ compiler: 'g++.exe (GCC) 13.2.0'
Flavor: r-devel-windows-x86_64
Version: 0.2.3
Check: whether package can be installed
Result: WARN
Found the following significant warnings:
D:/rtools44/x86_64-w64-mingw32.static.posix/lib/gcc/x86_64-w64-mingw32.static.posix/13.2.0/include/emmintrin.h:169:19: warning: 'void* __builtin_memcpy(void*, const void*, long long unsigned int)' reading 16 or more bytes from a region of size 8 [-Wstringop-overread]
See 'd:/Rcompile/CRANpkg/local/4.4/svines.Rcheck/00install.out' for details.
* used C++ compiler: 'g++.exe (GCC) 13.2.0'
Flavor: r-release-windows-x86_64
These binaries (installable software) and packages are in development.
They may not be fully stable and should be used with caution. We make no claims about them.
Health stats visible at Monitor.