Last updated on 2025-05-15 07:49:53 CEST.
Flavor | Version | Tinstall | Tcheck | Ttotal | Status | Flags |
---|---|---|---|---|---|---|
r-devel-linux-x86_64-debian-clang | 1.0.0 | 2.68 | 25.99 | 28.67 | NOTE | |
r-devel-linux-x86_64-debian-gcc | 1.0.0 | 2.24 | 21.33 | 23.57 | NOTE | |
r-devel-linux-x86_64-fedora-clang | 1.0.0 | 45.96 | NOTE | |||
r-devel-linux-x86_64-fedora-gcc | 1.0.0 | 43.37 | NOTE | |||
r-devel-windows-x86_64 | 1.0.0 | 4.00 | 48.00 | 52.00 | NOTE | |
r-patched-linux-x86_64 | 1.0.0 | 3.18 | 24.90 | 28.08 | NOTE | |
r-release-linux-x86_64 | 1.0.0 | 2.83 | 25.00 | 27.83 | NOTE | |
r-release-macos-arm64 | 1.0.0 | NOTE | ||||
r-release-macos-x86_64 | 1.0.0 | 31.00 | NOTE | |||
r-release-windows-x86_64 | 1.0.0 | 4.00 | 48.00 | 52.00 | NOTE | |
r-oldrel-macos-arm64 | 1.0.0 | 18.00 | NOTE | |||
r-oldrel-macos-x86_64 | 1.0.0 | 23.00 | NOTE | |||
r-oldrel-windows-x86_64 | 1.0.0 | 5.00 | 53.00 | 58.00 | NOTE |
Version: 1.0.0
Check: CRAN incoming feasibility
Result: NOTE
Maintainer: ‘Philippe Grosjean <phgrosjean@sciviews.org>’
Package CITATION file contains call(s) to old-style personList() or
as.personList(). Please use c() on person objects instead.
Package CITATION file contains call(s) to old-style citEntry(). Please
use bibentry() instead.
Flavors: r-devel-linux-x86_64-debian-clang, r-devel-linux-x86_64-debian-gcc
Version: 1.0.0
Check: Rd files
Result: NOTE
checkRd: (-1) koInstall.Rd:24: Lost braces; missing escapes or markup?
24 | set, svKomodo loads {svSocket}, starts the socket server listening to the
| ^
checkRd: (-1) svKomodo-package.Rd:18: Lost braces; missing escapes or markup?
18 | Komodo and (2) the present {svKomodo} R package that work hand in hand to
| ^
checkRd: (-1) svKomodo-package.Rd:28: Lost braces; missing escapes or markup?
28 | Nevertheless, the SciViews-K Komodo addin and the {svKomodo} R package
| ^
checkRd: (-1) svKomodo-package.Rd:31: Lost braces; missing escapes or markup?
31 | communication protocols developed in the {svSocket} and {svHttp} R packages.
| ^
checkRd: (-1) svKomodo-package.Rd:31: Lost braces; missing escapes or markup?
31 | communication protocols developed in the {svSocket} and {svHttp} R packages.
| ^
checkRd: (-1) svKomodo-package.Rd:37: Lost braces; missing escapes or markup?
37 | Both SciViews-K and {svKomodo} should be considered archived items. I keep
| ^
Flavors: r-devel-linux-x86_64-debian-clang, r-devel-linux-x86_64-debian-gcc, r-devel-linux-x86_64-fedora-clang, r-devel-linux-x86_64-fedora-gcc, r-devel-windows-x86_64, r-patched-linux-x86_64, r-release-linux-x86_64, r-release-macos-arm64, r-release-macos-x86_64, r-release-windows-x86_64, r-oldrel-macos-arm64, r-oldrel-macos-x86_64, r-oldrel-windows-x86_64
These binaries (installable software) and packages are in development.
They may not be fully stable and should be used with caution. We make no claims about them.
Health stats visible at Monitor.