Last updated on 2025-02-23 15:49:59 CET.
Flavor | Version | Tinstall | Tcheck | Ttotal | Status | Flags |
---|---|---|---|---|---|---|
r-devel-linux-x86_64-debian-clang | 0.1.1 | 13.05 | 872.88 | 885.93 | NOTE | |
r-devel-linux-x86_64-debian-gcc | 0.1.1 | 9.08 | 633.80 | 642.88 | NOTE | |
r-devel-linux-x86_64-fedora-clang | 0.1.1 | 1419.79 | NOTE | |||
r-devel-linux-x86_64-fedora-gcc | 0.1.1 | 1558.89 | NOTE | |||
r-devel-macos-arm64 | 0.1.1 | 515.00 | NOTE | |||
r-devel-macos-x86_64 | 0.1.1 | 1061.00 | NOTE | |||
r-devel-windows-x86_64 | 0.1.1 | 13.00 | 1315.00 | 1328.00 | NOTE | |
r-patched-linux-x86_64 | 0.1.1 | 13.47 | 855.97 | 869.44 | NOTE | |
r-release-linux-x86_64 | 0.1.1 | 13.64 | 849.57 | 863.21 | NOTE | |
r-release-macos-arm64 | 0.1.1 | 487.00 | NOTE | |||
r-release-macos-x86_64 | 0.1.1 | 760.00 | NOTE | |||
r-release-windows-x86_64 | 0.1.1 | 14.00 | 1296.00 | 1310.00 | NOTE | |
r-oldrel-macos-arm64 | 0.1.1 | 543.00 | OK | |||
r-oldrel-macos-x86_64 | 0.1.1 | 835.00 | OK | |||
r-oldrel-windows-x86_64 | 0.1.1 | 18.00 | 1247.00 | 1265.00 | OK |
Version: 0.1.1
Check: Rd files
Result: NOTE
checkRd: (-1) coxph_mpl_dc.Rd:24: Lost braces; missing escapes or markup?
24 | \item{mpl_h0t}{MPL estimates of the baseline hazard for T, i.e. h_{0T}(x_i)}
| ^
checkRd: (-1) coxph_mpl_dc.Rd:25: Lost braces; missing escapes or markup?
25 | \item{mpl_h0c}{MPL estimates of the baseline hazard for C, i.e. h_{0C}(x_i)}
| ^
checkRd: (-1) coxph_mpl_dc.Rd:26: Lost braces; missing escapes or markup?
26 | \item{mpl_H0t}{MPL estimates of the baseline cumulative hazard for T, i.e. H_{0T}(x_i)}
| ^
checkRd: (-1) coxph_mpl_dc.Rd:27: Lost braces; missing escapes or markup?
27 | \item{mpl_H0c}{MPL estimates of the baseline cumulative hazard for C, i.e. H_{0c}(x_i)}
| ^
checkRd: (-1) coxph_mpl_dc.Rd:28: Lost braces; missing escapes or markup?
28 | \item{mpl_S0t}{MPL estimates of the baseline survival for T, i.e. S_{0T}(x_i)}
| ^
checkRd: (-1) coxph_mpl_dc.Rd:29: Lost braces; missing escapes or markup?
29 | \item{mpl_S0c}{MPL estimates of the baseline survival for C, i.e. S_{0C}(x_i)}
| ^
Flavors: r-devel-linux-x86_64-debian-clang, r-devel-linux-x86_64-debian-gcc, r-devel-linux-x86_64-fedora-clang, r-devel-linux-x86_64-fedora-gcc, r-devel-macos-arm64, r-devel-macos-x86_64, r-devel-windows-x86_64, r-patched-linux-x86_64, r-release-linux-x86_64, r-release-macos-arm64, r-release-macos-x86_64, r-release-windows-x86_64
These binaries (installable software) and packages are in development.
They may not be fully stable and should be used with caution. We make no claims about them.
Health stats visible at Monitor.