Last updated on 2025-10-31 05:48:56 CET.
| Flavor | Version | Tinstall | Tcheck | Ttotal | Status | Flags | 
|---|---|---|---|---|---|---|
| r-devel-linux-x86_64-debian-clang | 4.0 | 3.89 | 31.37 | 35.26 | NOTE | |
| r-devel-linux-x86_64-debian-gcc | 4.0 | 2.39 | 23.33 | 25.72 | NOTE | |
| r-devel-linux-x86_64-fedora-clang | 4.0 | 48.98 | NOTE | |||
| r-devel-linux-x86_64-fedora-gcc | 4.0 | 47.14 | NOTE | |||
| r-devel-windows-x86_64 | 4.0 | 6.00 | 47.00 | 53.00 | NOTE | |
| r-patched-linux-x86_64 | 4.0 | 3.94 | 28.33 | 32.27 | NOTE | |
| r-release-linux-x86_64 | 4.0 | 3.01 | 28.60 | 31.61 | NOTE | |
| r-release-macos-arm64 | 4.0 | 2.00 | 17.00 | 19.00 | NOTE | |
| r-release-macos-x86_64 | 4.0 | 5.00 | 28.00 | 33.00 | NOTE | |
| r-release-windows-x86_64 | 4.0 | 4.00 | 51.00 | 55.00 | NOTE | |
| r-oldrel-macos-arm64 | 4.0 | 2.00 | 16.00 | 18.00 | NOTE | |
| r-oldrel-macos-x86_64 | 4.0 | 3.00 | 25.00 | 28.00 | NOTE | |
| r-oldrel-windows-x86_64 | 4.0 | 7.00 | 57.00 | 64.00 | NOTE | 
Version: 4.0
Check: Rd files
Result: NOTE
  checkRd: (-1) MoE_P.Rd:22: Lost braces
      22 | \item{confidence}{Optional}{positive value for confidence interval. This variable by default is 0.95.}
         |                            ^
  checkRd: (-1) prop_dom_optimal_allocation.Rd:24: Lost braces
      24 | \item{Dom}{Variables}{used to define population domains. An object convertible to \code{data.table} or variable names as character vector, column numbers.}
         |                      ^
  checkRd: (-1) prop_dom_optimal_allocation.Rd:26: Lost braces
      26 | \item{pop}{The}{population size in each stratum.}
         |                ^
  checkRd: (-1) prop_dom_optimal_allocation.Rd:28: Lost braces
      28 | \item{R}{The}{expected response rate in each stratum (optional). If not defined, it is assumed to be 1 in each stratum (full-response). Object convertible to one-column \code{data.table}, variable name as character, or column number.}
         |              ^
  checkRd: (-1) prop_dom_optimal_allocation.Rd:30: Lost braces
      30 | \item{deff}{The}{expected design effect for the estimate of variable (optional). If not defined, it is assumed to be 1 for each variable in each stratum. If is defined, then variables is defined the same arrangement as \code{Yh}. Object convertible to \code{data.table}, variable name as character vector, or column numbers.}
         |                 ^
  checkRd: (-1) prop_dom_optimal_allocation.Rd:32: Lost braces
      32 | \item{se_max}{Variable}{for maximum standarterror (se) in domain.}
         |                        ^
  checkRd: (-1) prop_dom_optimal_allocation.Rd:34: Lost braces
      34 | \item{prop}{The}{excepted ratio proportion.}
         |                 ^
  checkRd: (-1) prop_dom_optimal_allocation.Rd:36: Lost braces
      36 | \item{min_size}{A}{numeric value for minimal sample size.}
         |                   ^
  checkRd: (-1) prop_dom_optimal_allocation.Rd:38: Lost braces
      38 | \item{step}{A}{value for pace.}
         |               ^
  checkRd: (-1) prop_dom_optimal_allocation.Rd:40: Lost braces
      40 | \item{unit_level}{A}{logical value, if dataset is prepared for unit level then value TRUE, othercase FALSE.}
         |                     ^
  checkRd: (-1) prop_dom_optimal_allocation.Rd:42: Lost braces
      42 | \item{dataset}{Optional}{agrregated survey data object convertible to \code{data.table} with one row for each stratum.}
         |                         ^
Flavors: r-devel-linux-x86_64-debian-clang, r-devel-linux-x86_64-debian-gcc, r-devel-linux-x86_64-fedora-clang, r-devel-linux-x86_64-fedora-gcc, r-devel-windows-x86_64, r-patched-linux-x86_64, r-release-linux-x86_64, r-release-macos-arm64, r-release-macos-x86_64, r-release-windows-x86_64, r-oldrel-macos-arm64, r-oldrel-macos-x86_64, r-oldrel-windows-x86_64
Version: 4.0
Check: LazyData
Result: NOTE
    'LazyData' is specified without a 'data' directory
Flavors: r-oldrel-macos-arm64, r-oldrel-macos-x86_64, r-oldrel-windows-x86_64
These binaries (installable software) and packages are in development.
They may not be fully stable and should be used with caution. We make no claims about them.
Health stats visible at Monitor.