Last updated on 2024-05-02 09:52:09 CEST.
Flavor | Version | Tinstall | Tcheck | Ttotal | Status | Flags |
---|---|---|---|---|---|---|
r-devel-linux-x86_64-debian-clang | 0.5 | 12.95 | 253.88 | 266.83 | NOTE | |
r-devel-linux-x86_64-debian-gcc | 0.5 | 10.32 | 177.37 | 187.69 | NOTE | |
r-devel-linux-x86_64-fedora-clang | 0.5 | 326.55 | NOTE | |||
r-devel-linux-x86_64-fedora-gcc | 0.5 | 308.45 | NOTE | |||
r-devel-windows-x86_64 | 0.5 | 12.00 | 182.00 | 194.00 | NOTE | |
r-patched-linux-x86_64 | 0.5 | 13.61 | 235.86 | 249.47 | NOTE | |
r-release-linux-x86_64 | 0.5 | 9.24 | 235.62 | 244.86 | NOTE | |
r-release-macos-arm64 | 0.5 | 84.00 | NOTE | |||
r-release-windows-x86_64 | 0.5 | 12.00 | 186.00 | 198.00 | NOTE | |
r-oldrel-macos-arm64 | 0.5 | 122.00 | NOTE | |||
r-oldrel-macos-x86_64 | 0.5 | 221.00 | OK | |||
r-oldrel-windows-x86_64 | 0.5 | 15.00 | 281.00 | 296.00 | NOTE |
Version: 0.5
Check: R code for possible problems
Result: NOTE
surfaceSimulate : phytransform: no visible global function definition
for ‘rescale’
Undefined global functions or variables:
rescale
Flavors: r-devel-linux-x86_64-debian-clang, r-devel-linux-x86_64-debian-gcc, r-devel-linux-x86_64-fedora-clang, r-devel-linux-x86_64-fedora-gcc, r-devel-windows-x86_64, r-patched-linux-x86_64, r-release-linux-x86_64, r-release-macos-arm64, r-release-windows-x86_64, r-oldrel-macos-arm64, r-oldrel-windows-x86_64
These binaries (installable software) and packages are in development.
They may not be fully stable and should be used with caution. We make no claims about them.
Health stats visible at Monitor.