Last updated on 2025-02-23 19:51:22 CET.
Flavor | Version | Tinstall | Tcheck | Ttotal | Status | Flags |
---|---|---|---|---|---|---|
r-devel-linux-x86_64-debian-clang | 2.1.8 | 2.84 | 42.33 | 45.17 | NOTE | |
r-devel-linux-x86_64-debian-gcc | 2.1.8 | 1.91 | 31.35 | 33.26 | NOTE | |
r-devel-linux-x86_64-fedora-clang | 2.1.8 | 75.97 | NOTE | |||
r-devel-linux-x86_64-fedora-gcc | 2.1.8 | 81.92 | NOTE | |||
r-devel-macos-arm64 | 2.1.8 | 35.00 | NOTE | |||
r-devel-macos-x86_64 | 2.1.8 | 61.00 | NOTE | |||
r-devel-windows-x86_64 | 2.1.8 | 6.00 | 65.00 | 71.00 | NOTE | |
r-patched-linux-x86_64 | 2.1.8 | 3.09 | 40.40 | 43.49 | NOTE | |
r-release-linux-x86_64 | 2.1.8 | 2.68 | 41.06 | 43.74 | NOTE | |
r-release-macos-arm64 | 2.1.8 | 33.00 | NOTE | |||
r-release-macos-x86_64 | 2.1.8 | 48.00 | NOTE | |||
r-release-windows-x86_64 | 2.1.8 | 6.00 | 68.00 | 74.00 | NOTE | |
r-oldrel-macos-arm64 | 2.1.8 | 33.00 | OK | |||
r-oldrel-macos-x86_64 | 2.1.8 | 45.00 | OK | |||
r-oldrel-windows-x86_64 | 2.1.8 | 6.00 | 71.00 | 77.00 | OK |
Version: 2.1.8
Check: Rd files
Result: NOTE
checkRd: (-1) sunburst.Rd:30: Lost braces; missing escapes or markup?
30 | nested d3 JSON hierarchy with `{name:..., children:[];}`. \code{csvdata}
| ^
checkRd: (-1) sunburst.Rd:88: Lost braces; missing escapes or markup?
88 | \item{jsondata}{\code{deprecated} use data argument instead; data in nested d3 JSON hierarchy with `{name:..., children:[];}`}
| ^
checkRd: (-1) sund2b.Rd:22: Lost braces; missing escapes or markup?
22 | nested d3 JSON hierarchy with `{name:..., children:[];}`. \code{list}, \code{character},
| ^
Flavors: r-devel-linux-x86_64-debian-clang, r-devel-linux-x86_64-debian-gcc, r-devel-linux-x86_64-fedora-clang, r-devel-linux-x86_64-fedora-gcc, r-devel-macos-arm64, r-devel-macos-x86_64, r-devel-windows-x86_64, r-patched-linux-x86_64, r-release-linux-x86_64, r-release-macos-arm64, r-release-macos-x86_64, r-release-windows-x86_64
These binaries (installable software) and packages are in development.
They may not be fully stable and should be used with caution. We make no claims about them.
Health stats visible at Monitor.