Last updated on 2025-02-23 19:51:22 CET.
Flavor | Version | Tinstall | Tcheck | Ttotal | Status | Flags |
---|---|---|---|---|---|---|
r-devel-linux-x86_64-debian-clang | 1.0.0 | 17.03 | 151.66 | 168.69 | NOTE | |
r-devel-linux-x86_64-debian-gcc | 1.0.0 | 13.73 | 106.38 | 120.11 | NOTE | |
r-devel-linux-x86_64-fedora-clang | 1.0.0 | 283.72 | NOTE | |||
r-devel-linux-x86_64-fedora-gcc | 1.0.0 | 273.56 | NOTE | |||
r-devel-macos-arm64 | 1.0.0 | 67.00 | NOTE | |||
r-devel-macos-x86_64 | 1.0.0 | 145.00 | NOTE | |||
r-devel-windows-x86_64 | 1.0.0 | 18.00 | 145.00 | 163.00 | NOTE | |
r-patched-linux-x86_64 | 1.0.0 | 17.14 | 141.52 | 158.66 | NOTE | |
r-release-linux-x86_64 | 1.0.0 | 16.17 | 142.02 | 158.19 | NOTE | |
r-release-macos-arm64 | 1.0.0 | 67.00 | NOTE | |||
r-release-macos-x86_64 | 1.0.0 | 112.00 | NOTE | |||
r-release-windows-x86_64 | 1.0.0 | 19.00 | 147.00 | 166.00 | NOTE | |
r-oldrel-macos-arm64 | 1.0.0 | 85.00 | NOTE | |||
r-oldrel-macos-x86_64 | 1.0.0 | 140.00 | NOTE | |||
r-oldrel-windows-x86_64 | 1.0.0 | 24.00 | 184.00 | 208.00 | NOTE |
Version: 1.0.0
Check: Rd files
Result: NOTE
checkRd: (-1) cmss.Rd:21: Lost braces
21 | \item{sim.fn}{Optional function to be used as similarity measure for accept/reject step. Default function is: |cor( bar{x}^{(r)}|,~ bar{x}_{target} ) |}
| ^
checkRd: (-1) cmss.Rd:21: Lost braces; missing escapes or markup?
21 | \item{sim.fn}{Optional function to be used as similarity measure for accept/reject step. Default function is: |cor( bar{x}^{(r)}|,~ bar{x}_{target} ) |}
| ^
checkRd: (-1) cmss.Rd:21: Lost braces
21 | \item{sim.fn}{Optional function to be used as similarity measure for accept/reject step. Default function is: |cor( bar{x}^{(r)}|,~ bar{x}_{target} ) |}
| ^
checkRd: (-1) cmss.Rd:21: Lost braces; missing escapes or markup?
21 | \item{sim.fn}{Optional function to be used as similarity measure for accept/reject step. Default function is: |cor( bar{x}^{(r)}|,~ bar{x}_{target} ) |}
| ^
Flavors: r-devel-linux-x86_64-debian-clang, r-devel-linux-x86_64-debian-gcc, r-devel-linux-x86_64-fedora-clang, r-devel-linux-x86_64-fedora-gcc, r-devel-macos-arm64, r-devel-macos-x86_64, r-devel-windows-x86_64, r-patched-linux-x86_64, r-release-linux-x86_64, r-release-macos-arm64, r-release-macos-x86_64, r-release-windows-x86_64
Version: 1.0.0
Check: dependencies in R code
Result: NOTE
Namespaces in Imports field not imported from:
‘pls’ ‘tibble’
All declared Imports should be used.
Flavors: r-devel-linux-x86_64-fedora-clang, r-devel-linux-x86_64-fedora-gcc
Version: 1.0.0
Check: LazyData
Result: NOTE
'LazyData' is specified without a 'data' directory
Flavors: r-patched-linux-x86_64, r-release-linux-x86_64, r-release-macos-arm64, r-release-macos-x86_64, r-release-windows-x86_64, r-oldrel-macos-arm64, r-oldrel-macos-x86_64, r-oldrel-windows-x86_64
These binaries (installable software) and packages are in development.
They may not be fully stable and should be used with caution. We make no claims about them.
Health stats visible at Monitor.