Last updated on 2025-02-02 07:50:27 CET.
Flavor | Version | Tinstall | Tcheck | Ttotal | Status | Flags |
---|---|---|---|---|---|---|
r-devel-linux-x86_64-debian-clang | 1.5-4 | 8.63 | 63.15 | 71.78 | NOTE | |
r-devel-linux-x86_64-debian-gcc | 1.5-4 | 5.97 | 43.33 | 49.30 | NOTE | |
r-devel-linux-x86_64-fedora-clang | 1.5-4 | 116.94 | NOTE | |||
r-devel-linux-x86_64-fedora-gcc | 1.5-4 | 119.10 | NOTE | |||
r-devel-windows-x86_64 | 1.5-4 | 12.00 | 109.00 | 121.00 | NOTE | |
r-patched-linux-x86_64 | 1.5-4 | 10.26 | 59.11 | 69.37 | NOTE | |
r-release-linux-x86_64 | 1.5-4 | 7.49 | 58.55 | 66.04 | NOTE | |
r-release-macos-arm64 | 1.5-4 | 43.00 | NOTE | |||
r-release-macos-x86_64 | 1.5-4 | 140.00 | NOTE | |||
r-release-windows-x86_64 | 1.5-4 | 12.00 | 109.00 | 121.00 | NOTE | |
r-oldrel-macos-arm64 | 1.5-4 | 49.00 | NOTE | |||
r-oldrel-macos-x86_64 | 1.5-4 | 92.00 | NOTE | |||
r-oldrel-windows-x86_64 | 1.5-4 | 14.00 | 123.00 | 137.00 | NOTE |
Version: 1.5-4
Check: R code for possible problems
Result: NOTE
efpFunctional: multiple local function definitions for ‘plotProcess’
with different formal arguments
mefp.efp: multiple local function definitions for ‘computeEmpProc’ with
different formal arguments
Flavors: r-devel-linux-x86_64-debian-clang, r-devel-linux-x86_64-debian-gcc, r-devel-linux-x86_64-fedora-clang, r-devel-linux-x86_64-fedora-gcc, r-devel-windows-x86_64, r-patched-linux-x86_64, r-release-linux-x86_64, r-release-macos-arm64, r-release-macos-x86_64, r-release-windows-x86_64, r-oldrel-macos-arm64, r-oldrel-macos-x86_64, r-oldrel-windows-x86_64
These binaries (installable software) and packages are in development.
They may not be fully stable and should be used with caution. We make no claims about them.
Health stats visible at Monitor.