CRAN Package Check Results for Package stressaddition

Last updated on 2025-05-15 09:52:44 CEST.

Flavor Version Tinstall Tcheck Ttotal Status Flags
r-devel-linux-x86_64-debian-clang 3.1.0 2.40 34.18 36.58 NOTE
r-devel-linux-x86_64-debian-gcc 3.1.0 1.43 26.29 27.72 NOTE
r-devel-linux-x86_64-fedora-clang 3.1.0 61.53 OK
r-devel-linux-x86_64-fedora-gcc 3.1.0 55.28 OK
r-devel-windows-x86_64 3.1.0 4.00 54.00 58.00 OK
r-patched-linux-x86_64 3.1.0 2.09 32.67 34.76 OK
r-release-linux-x86_64 3.1.0 2.53 32.62 35.15 OK
r-release-macos-arm64 3.1.0 21.00 OK
r-release-macos-x86_64 3.1.0 32.00 OK
r-release-windows-x86_64 3.1.0 5.00 57.00 62.00 OK
r-oldrel-macos-arm64 3.1.0 21.00 OK
r-oldrel-macos-x86_64 3.1.0 29.00 OK
r-oldrel-windows-x86_64 3.1.0 5.00 66.00 71.00 OK

Check Details

Version: 3.1.0
Check: CRAN incoming feasibility
Result: NOTE Maintainer: ‘Sebastian Henz <bastihz.dev@posteo.de>’ Found the following URLs which should use \doi (with the DOI name only): File ‘ecxsys.Rd’: https://doi.org/10.1038/s41598-019-51645-4 File ‘multi_tox.Rd’: https://doi.org/10.1186/s12302-020-00394-7 File ‘multiple_stress.Rd’: https://doi.org/10.1021/acs.est.9b04293 https://doi.org/10.1186/s12302-020-00394-7 File ‘stressaddition-package.Rd’: https://doi.org/10.1038/s41598-019-51645-4 https://doi.org/10.1186/s12302-020-00394-7 Flavors: r-devel-linux-x86_64-debian-clang, r-devel-linux-x86_64-debian-gcc

These binaries (installable software) and packages are in development.
They may not be fully stable and should be used with caution. We make no claims about them.
Health stats visible at Monitor.