Last updated on 2025-05-03 01:51:17 CEST.
Flavor | Version | Tinstall | Tcheck | Ttotal | Status | Flags |
---|---|---|---|---|---|---|
r-devel-linux-x86_64-debian-clang | 1.3-1 | 7.04 | 79.89 | 86.93 | NOTE | |
r-devel-linux-x86_64-debian-gcc | 1.3-1 | 4.75 | 55.16 | 59.91 | NOTE | |
r-devel-linux-x86_64-fedora-clang | 1.3-1 | 141.36 | OK | |||
r-devel-linux-x86_64-fedora-gcc | 1.3-1 | 142.66 | OK | |||
r-devel-windows-x86_64 | 1.3-1 | 8.00 | 115.00 | 123.00 | OK | |
r-patched-linux-x86_64 | 1.3-1 | 6.56 | 74.67 | 81.23 | OK | |
r-release-linux-x86_64 | OK | |||||
r-release-macos-arm64 | 1.3-1 | 59.00 | OK | |||
r-release-macos-x86_64 | 1.3-1 | 112.00 | OK | |||
r-release-windows-x86_64 | 1.3-1 | 8.00 | 94.00 | 102.00 | OK | |
r-oldrel-macos-arm64 | 1.3-1 | 46.00 | OK | |||
r-oldrel-macos-x86_64 | 1.3-1 | 65.00 | OK | |||
r-oldrel-windows-x86_64 | 1.3-1 | 10.00 | 115.00 | 125.00 | OK |
Version: 1.3-1
Check: CRAN incoming feasibility
Result: NOTE
Maintainer: ‘Michael Hahsler <mhahsler@lyle.smu.edu>’
The BugReports field in DESCRIPTION has
https://github.com/mhahsler/streamMOA
which should likely be
https://github.com/mhahsler/streamMOA/issues
instead.
Flavors: r-devel-linux-x86_64-debian-clang, r-devel-linux-x86_64-debian-gcc
These binaries (installable software) and packages are in development.
They may not be fully stable and should be used with caution. We make no claims about them.
Health stats visible at Monitor.