CRAN Package Check Results for Package stochtree

Last updated on 2025-02-23 19:51:22 CET.

Flavor Version Tinstall Tcheck Ttotal Status Flags
r-devel-linux-x86_64-debian-clang 0.1.1 226.06 76.29 302.35 OK
r-devel-linux-x86_64-debian-gcc 0.1.1 166.92 64.60 231.52 OK
r-devel-linux-x86_64-fedora-clang 0.1.1 553.29 WARN
r-devel-linux-x86_64-fedora-gcc 0.1.1 570.21 OK
r-devel-macos-arm64 0.1.1 110.00 OK
r-devel-macos-x86_64 0.1.1 258.00 OK
r-devel-windows-x86_64 0.1.1 198.00 163.00 361.00 OK
r-patched-linux-x86_64 0.1.1 231.62 87.55 319.17 OK
r-release-linux-x86_64 0.1.1 232.64 87.99 320.63 OK
r-release-macos-arm64 0.1.1 114.00 NOTE
r-release-macos-x86_64 0.1.1 264.00 NOTE
r-release-windows-x86_64 0.1.1 204.00 159.00 363.00 OK
r-oldrel-macos-x86_64 0.1.1 159.00 NOTE
r-oldrel-windows-x86_64 0.1.1 195.00 184.00 379.00 OK

Check Details

Version: 0.1.1
Check: whether package can be installed
Result: WARN Found the following significant warnings: /data/gannet/ripley/R/test-clang/cpp11/include/cpp11/R.hpp:52:31: warning: identifier '_xl' preceded by whitespace in a literal operator declaration is deprecated [-Wdeprecated-literal-operator] /data/gannet/ripley/R/test-clang/cpp11/include/cpp11/named_arg.hpp:42:29: warning: identifier '_nm' preceded by whitespace in a literal operator declaration is deprecated [-Wdeprecated-literal-operator] See ‘/data/gannet/ripley/R/packages/tests-clang/stochtree.Rcheck/00install.out’ for details. * used C++ compiler: ‘clang version 20.1.0-rc2’ Flavor: r-devel-linux-x86_64-fedora-clang

Version: 0.1.1
Check: installed package size
Result: NOTE installed size is 34.5Mb sub-directories of 1Mb or more: libs 33.5Mb Flavors: r-release-macos-arm64, r-release-macos-x86_64, r-oldrel-macos-x86_64

These binaries (installable software) and packages are in development.
They may not be fully stable and should be used with caution. We make no claims about them.
Health stats visible at Monitor.