CRAN Package Check Results for Package stmCorrViz

Last updated on 2025-05-15 07:49:53 CEST.

Flavor Version Tinstall Tcheck Ttotal Status Flags
r-devel-linux-x86_64-debian-clang 1.3 1.69 32.64 34.33 NOTE
r-devel-linux-x86_64-debian-gcc 1.3 1.72 24.28 26.00 NOTE
r-devel-linux-x86_64-fedora-clang 1.3 53.62 NOTE
r-devel-linux-x86_64-fedora-gcc 1.3 51.35 NOTE
r-devel-windows-x86_64 1.3 4.00 56.00 60.00 OK
r-patched-linux-x86_64 1.3 2.01 31.16 33.17 NOTE
r-release-linux-x86_64 1.3 2.03 31.10 33.13 NOTE
r-release-macos-arm64 1.3 OK
r-release-macos-x86_64 1.3 43.00 OK
r-release-windows-x86_64 1.3 4.00 57.00 61.00 OK
r-oldrel-macos-arm64 1.3 20.00 OK
r-oldrel-macos-x86_64 1.3 32.00 OK
r-oldrel-windows-x86_64 1.3 4.00 66.00 70.00 OK

Check Details

Version: 1.3
Check: CRAN incoming feasibility
Result: NOTE Maintainer: ‘Antonio Coppola <acoppola@alumni.harvard.edu>’ No Authors@R field in DESCRIPTION. Please add one, modifying Authors@R: c(person(given = "Antonio", family = "Coppola", role = c("aut", "cre"), email = "acoppola@alumni.harvard.edu"), person(given = "Margaret", family = "Roberts", role = "aut"), person(given = "Brandon", family = "Stewart", role = "aut"), person(given = "Dustin", family = "Tingley", role = "aut")) as necessary. File 'R/stmCorrViz-internal.R' sets .Random.seed. This is usually neither needed nor wanted. Flavors: r-devel-linux-x86_64-debian-clang, r-devel-linux-x86_64-debian-gcc

Version: 1.3
Check: for non-standard things in the check directory
Result: NOTE Found the following files/directories: ‘corrviz.html’ Flavors: r-devel-linux-x86_64-debian-clang, r-devel-linux-x86_64-debian-gcc, r-devel-linux-x86_64-fedora-clang, r-devel-linux-x86_64-fedora-gcc, r-patched-linux-x86_64, r-release-linux-x86_64

Version: 1.3
Check: dependencies in R code
Result: NOTE Namespaces in Imports field not imported from: ‘SnowballC’ ‘tm’ All declared Imports should be used. Flavors: r-devel-linux-x86_64-fedora-clang, r-devel-linux-x86_64-fedora-gcc

These binaries (installable software) and packages are in development.
They may not be fully stable and should be used with caution. We make no claims about them.
Health stats visible at Monitor.