Last updated on 2025-02-23 19:51:22 CET.
Flavor | Version | Tinstall | Tcheck | Ttotal | Status | Flags |
---|---|---|---|---|---|---|
r-devel-linux-x86_64-debian-clang | 0.9.6 | 8.33 | 134.38 | 142.71 | NOTE | |
r-devel-linux-x86_64-debian-gcc | 0.9.6 | 5.12 | 89.85 | 94.97 | NOTE | |
r-devel-linux-x86_64-fedora-clang | 0.9.6 | 241.70 | NOTE | |||
r-devel-linux-x86_64-fedora-gcc | 0.9.6 | 228.81 | NOTE | |||
r-devel-macos-arm64 | 0.9.6 | 70.00 | NOTE | |||
r-devel-macos-x86_64 | 0.9.6 | 141.00 | NOTE | |||
r-devel-windows-x86_64 | 0.9.6 | 8.00 | 156.00 | 164.00 | NOTE | |
r-patched-linux-x86_64 | 0.9.6 | 10.06 | 121.40 | 131.46 | NOTE | |
r-release-linux-x86_64 | 0.9.6 | 7.81 | 123.17 | 130.98 | NOTE | |
r-release-macos-arm64 | 0.9.6 | 62.00 | NOTE | |||
r-release-macos-x86_64 | 0.9.6 | 106.00 | NOTE | |||
r-release-windows-x86_64 | 0.9.6 | 9.00 | 161.00 | 170.00 | NOTE | |
r-oldrel-macos-arm64 | 0.9.6 | 62.00 | OK | |||
r-oldrel-macos-x86_64 | 0.9.6 | 174.00 | OK | |||
r-oldrel-windows-x86_64 | 0.9.6 | 9.00 | 182.00 | 191.00 | OK |
Version: 0.9.6
Check: Rd files
Result: NOTE
checkRd: (-1) docker_config_collection.Rd:11: Lost braces; missing escapes or markup?
11 | \Sexpr[results=rd,stage=render]{stevedore:::generate_help("config")}
| ^
checkRd: (-1) docker_container.Rd:13: Lost braces
13 | \Sexpr[results=rd,stage=render]{stevedore:::generate_help("docker_container")}
| ^
checkRd: (-1) docker_image_collection.Rd:11: Lost braces
11 | \Sexpr[results=rd,stage=render]{stevedore:::generate_help("image")}
| ^
checkRd: (-1) docker_plugin_collection.Rd:11: Lost braces
11 | \Sexpr[results=rd,stage=render]{stevedore:::generate_help("plugin")}
| ^
checkRd: (-1) docker_service_collection.Rd:11: Lost braces
11 | \Sexpr[results=rd,stage=render]{stevedore:::generate_help("service")}
| ^
checkRd: (-1) docker_task.Rd:13: Lost braces
13 | \Sexpr[results=rd,stage=render]{stevedore:::generate_help("docker_task")}
| ^
Flavors: r-devel-linux-x86_64-debian-clang, r-devel-linux-x86_64-debian-gcc, r-devel-linux-x86_64-fedora-clang, r-devel-linux-x86_64-fedora-gcc, r-devel-macos-arm64, r-devel-macos-x86_64, r-devel-windows-x86_64, r-patched-linux-x86_64, r-release-linux-x86_64, r-release-macos-arm64, r-release-macos-x86_64, r-release-windows-x86_64
These binaries (installable software) and packages are in development.
They may not be fully stable and should be used with caution. We make no claims about them.
Health stats visible at Monitor.