Last updated on 2025-05-03 22:50:11 CEST.
Flavor | Version | Tinstall | Tcheck | Ttotal | Status | Flags |
---|---|---|---|---|---|---|
r-devel-linux-x86_64-debian-clang | 4.11.0 | 5.13 | 37.73 | 42.86 | NOTE | |
r-devel-linux-x86_64-debian-gcc | 4.11.0 | 3.45 | 29.06 | 32.51 | NOTE | |
r-devel-linux-x86_64-fedora-clang | 4.11.0 | 70.23 | NOTE | |||
r-devel-linux-x86_64-fedora-gcc | 4.11.0 | 65.03 | NOTE | |||
r-devel-windows-x86_64 | 4.11.0 | 10.00 | 71.00 | 81.00 | NOTE | |
r-patched-linux-x86_64 | 4.11.0 | 6.20 | 36.26 | 42.46 | NOTE | |
r-release-linux-x86_64 | NOTE | |||||
r-release-macos-arm64 | 4.11.0 | 30.00 | NOTE | |||
r-release-macos-x86_64 | 4.11.0 | 48.00 | NOTE | |||
r-release-windows-x86_64 | 4.11.0 | 8.00 | 70.00 | 78.00 | NOTE | |
r-oldrel-macos-arm64 | 4.11.0 | 28.00 | NOTE | |||
r-oldrel-macos-x86_64 | 4.11.0 | 52.00 | NOTE | |||
r-oldrel-windows-x86_64 | 4.11.0 | 11.00 | 81.00 | 92.00 | NOTE |
Version: 4.11.0
Check: DESCRIPTION meta-information
Result: NOTE
Author field differs from that derived from Authors@R
Author: ‘Pavel N. Krivitsky [aut, cre] (<https://orcid.org/0000-0002-9101-3362>, University of New South Wales), Skye Bender-deMoll [ctb], Chad Klumb [ctb] (University of Washington)’
Authors@R: ‘Pavel N. Krivitsky [aut, cre] (ORCID: <https://orcid.org/0000-0002-9101-3362>, affiliation: University of New South Wales), Skye Bender-deMoll [ctb], Chad Klumb [ctb] (affiliation: University of Washington)’
Flavors: r-devel-linux-x86_64-debian-clang, r-devel-linux-x86_64-debian-gcc
Version: 4.11.0
Check: R code for possible problems
Result: NOTE
Found the following possibly unsafe calls:
File ‘statnet.common/R/control.utilities.R’:
unlockBinding("snctrl", environment(snctrl))
unlockBinding("snctrl", environment(update_my_snctrl))
Flavors: r-devel-linux-x86_64-debian-clang, r-devel-linux-x86_64-debian-gcc, r-devel-linux-x86_64-fedora-clang, r-devel-linux-x86_64-fedora-gcc, r-devel-windows-x86_64, r-patched-linux-x86_64, r-release-linux-x86_64, r-release-macos-arm64, r-release-macos-x86_64, r-release-windows-x86_64, r-oldrel-macos-arm64, r-oldrel-macos-x86_64, r-oldrel-windows-x86_64
These binaries (installable software) and packages are in development.
They may not be fully stable and should be used with caution. We make no claims about them.
Health stats visible at Monitor.