CRAN Package Check Results for Package statcanR

Last updated on 2025-11-21 07:49:49 CET.

Flavor Version Tinstall Tcheck Ttotal Status Flags
r-devel-linux-x86_64-debian-clang 0.2.6 7.74 74.11 81.85 ERROR
r-devel-linux-x86_64-debian-gcc 0.2.6 5.14 51.52 56.66 ERROR
r-devel-linux-x86_64-fedora-clang 0.2.6 37.00 87.28 124.28 ERROR
r-devel-linux-x86_64-fedora-gcc 0.2.6 33.00 101.73 134.73 ERROR
r-devel-windows-x86_64 0.2.6 13.00 94.00 107.00 NOTE
r-patched-linux-x86_64 0.2.6 7.32 65.83 73.15 ERROR
r-release-linux-x86_64 0.2.6 7.47 69.69 77.16 NOTE
r-release-macos-arm64 0.2.6 NOTE
r-release-macos-x86_64 0.2.6 5.00 66.00 71.00 NOTE
r-release-windows-x86_64 0.2.6 10.00 84.00 94.00 NOTE
r-oldrel-macos-arm64 0.2.6 NOTE
r-oldrel-macos-x86_64 0.2.6 6.00 81.00 87.00 NOTE
r-oldrel-windows-x86_64 0.2.6 12.00 107.00 119.00 NOTE

Check Details

Version: 0.2.6
Check: Rd files
Result: NOTE checkRd: (-1) statcan_data.Rd:22: Lost braces; missing escapes or markup? 22 | \code{statcan_data()} function has 2 arguments to fulfill to get data: {tableNumber} & {lang}. | ^ checkRd: (-1) statcan_data.Rd:22: Lost braces; missing escapes or markup? 22 | \code{statcan_data()} function has 2 arguments to fulfill to get data: {tableNumber} & {lang}. | ^ checkRd: (-1) statcan_search.Rd:18: Lost braces; missing escapes or markup? 18 | The \code{statcan_search()} function has 2 arguments to fulfill to find a database: {keywords} and {lang}. | ^ checkRd: (-1) statcan_search.Rd:18: Lost braces; missing escapes or markup? 18 | The \code{statcan_search()} function has 2 arguments to fulfill to find a database: {keywords} and {lang}. | ^ Flavors: r-devel-linux-x86_64-debian-clang, r-devel-linux-x86_64-debian-gcc, r-devel-linux-x86_64-fedora-clang, r-devel-linux-x86_64-fedora-gcc, r-devel-windows-x86_64, r-patched-linux-x86_64, r-release-linux-x86_64, r-release-macos-arm64, r-release-macos-x86_64, r-release-windows-x86_64, r-oldrel-macos-arm64, r-oldrel-macos-x86_64, r-oldrel-windows-x86_64

Version: 0.2.6
Check: examples
Result: ERROR Running examples in ‘statcanR-Ex.R’ failed The error most likely occurred in: > base::assign(".ptime", proc.time(), pos = "CheckExEnv") > ### Name: statcan_search > ### Title: Searching function for statcanR > ### Aliases: statcan_search > > ### ** Examples > > statcan_search(c("economy","export","link"),"eng") Error in curl::curl_fetch_memory(url, handle = handle) : SSL peer certificate or SSH remote key was not OK [warin.ca]: SSL: certificate subject name (www.warin.ca) does not match target hostname 'warin.ca' Calls: statcan_search ... request_fetch.write_memory -> <Anonymous> -> raise_libcurl_error Execution halted Flavors: r-devel-linux-x86_64-debian-clang, r-patched-linux-x86_64

Version: 0.2.6
Check: examples
Result: ERROR Running examples in ‘statcanR-Ex.R’ failed The error most likely occurred in: > base::assign(".ptime", proc.time(), pos = "CheckExEnv") > ### Name: statcan_search > ### Title: Searching function for statcanR > ### Aliases: statcan_search > > ### ** Examples > > statcan_search(c("economy","export","link"),"eng") Error in curl::curl_fetch_memory(url, handle = handle) : SSL peer certificate or SSH remote key was not OK [warin.ca]: SSL: no alternative certificate subject name matches target hostname 'warin.ca' Calls: statcan_search ... request_fetch.write_memory -> <Anonymous> -> raise_libcurl_error Execution halted Flavor: r-devel-linux-x86_64-debian-gcc

Version: 0.2.6
Check: examples
Result: ERROR Running examples in ‘statcanR-Ex.R’ failed The error most likely occurred in: > ### Name: statcan_search > ### Title: Searching function for statcanR > ### Aliases: statcan_search > > ### ** Examples > > statcan_search(c("economy","export","link"),"eng") Error in curl::curl_fetch_memory(url, handle = handle) : SSL peer certificate or SSH remote key was not OK [warin.ca]: SSL: no alternative certificate subject name matches target hostname 'warin.ca' Calls: statcan_search ... request_fetch.write_memory -> <Anonymous> -> raise_libcurl_error Execution halted Flavors: r-devel-linux-x86_64-fedora-clang, r-devel-linux-x86_64-fedora-gcc

These binaries (installable software) and packages are in development.
They may not be fully stable and should be used with caution. We make no claims about them.
Health stats visible at Monitor.