Last updated on 2025-02-23 13:51:26 CET.
Flavor | Version | Tinstall | Tcheck | Ttotal | Status | Flags |
---|---|---|---|---|---|---|
r-devel-linux-x86_64-debian-clang | 0.2.6 | 6.18 | 58.74 | 64.92 | NOTE | |
r-devel-linux-x86_64-debian-gcc | 0.2.6 | 4.97 | 41.99 | 46.96 | NOTE | |
r-devel-linux-x86_64-fedora-clang | 0.2.6 | 105.41 | NOTE | |||
r-devel-linux-x86_64-fedora-gcc | 0.2.6 | 111.45 | NOTE | |||
r-devel-macos-arm64 | 0.2.6 | 52.00 | NOTE | |||
r-devel-macos-x86_64 | 0.2.6 | 71.00 | NOTE | |||
r-devel-windows-x86_64 | 0.2.6 | 9.00 | 79.00 | 88.00 | NOTE | |
r-patched-linux-x86_64 | 0.2.6 | 5.89 | 53.99 | 59.88 | NOTE | |
r-release-linux-x86_64 | 0.2.6 | 6.13 | 54.89 | 61.02 | NOTE | |
r-release-macos-arm64 | 0.2.6 | 58.00 | NOTE | |||
r-release-macos-x86_64 | 0.2.6 | 87.00 | NOTE | |||
r-release-windows-x86_64 | 0.2.6 | 10.00 | 82.00 | 92.00 | NOTE | |
r-oldrel-macos-arm64 | 0.2.6 | 46.00 | OK | |||
r-oldrel-macos-x86_64 | 0.2.6 | 82.00 | OK | |||
r-oldrel-windows-x86_64 | 0.2.6 | 10.00 | 85.00 | 95.00 | OK |
Version: 0.2.6
Check: Rd files
Result: NOTE
checkRd: (-1) statcan_data.Rd:22: Lost braces; missing escapes or markup?
22 | \code{statcan_data()} function has 2 arguments to fulfill to get data: {tableNumber} & {lang}.
| ^
checkRd: (-1) statcan_data.Rd:22: Lost braces; missing escapes or markup?
22 | \code{statcan_data()} function has 2 arguments to fulfill to get data: {tableNumber} & {lang}.
| ^
checkRd: (-1) statcan_search.Rd:18: Lost braces; missing escapes or markup?
18 | The \code{statcan_search()} function has 2 arguments to fulfill to find a database: {keywords} and {lang}.
| ^
checkRd: (-1) statcan_search.Rd:18: Lost braces; missing escapes or markup?
18 | The \code{statcan_search()} function has 2 arguments to fulfill to find a database: {keywords} and {lang}.
| ^
Flavors: r-devel-linux-x86_64-debian-clang, r-devel-linux-x86_64-debian-gcc, r-devel-linux-x86_64-fedora-clang, r-devel-linux-x86_64-fedora-gcc, r-devel-macos-arm64, r-devel-macos-x86_64, r-devel-windows-x86_64, r-patched-linux-x86_64, r-release-linux-x86_64, r-release-macos-arm64, r-release-macos-x86_64, r-release-windows-x86_64
These binaries (installable software) and packages are in development.
They may not be fully stable and should be used with caution. We make no claims about them.
Health stats visible at Monitor.