Last updated on 2025-07-17 17:50:29 CEST.
Flavor | Version | Tinstall | Tcheck | Ttotal | Status | Flags |
---|---|---|---|---|---|---|
r-devel-linux-x86_64-debian-clang | 0.2.6 | 6.74 | 68.09 | 74.83 | NOTE | |
r-devel-linux-x86_64-debian-gcc | 0.2.6 | 4.54 | 44.21 | 48.75 | ERROR | |
r-devel-linux-x86_64-fedora-clang | 0.2.6 | 109.41 | NOTE | |||
r-devel-linux-x86_64-fedora-gcc | 0.2.6 | 124.49 | NOTE | |||
r-devel-windows-x86_64 | 0.2.6 | 9.00 | 78.00 | 87.00 | NOTE | |
r-patched-linux-x86_64 | 0.2.6 | 6.63 | 56.10 | 62.73 | ERROR | |
r-release-linux-x86_64 | 0.2.6 | 6.58 | 60.82 | 67.40 | NOTE | |
r-release-macos-arm64 | 0.2.6 | 56.00 | NOTE | |||
r-release-macos-x86_64 | 0.2.6 | 71.00 | NOTE | |||
r-release-windows-x86_64 | 0.2.6 | 8.00 | 80.00 | 88.00 | NOTE | |
r-oldrel-macos-arm64 | 0.2.6 | 58.00 | NOTE | |||
r-oldrel-macos-x86_64 | 0.2.6 | 87.00 | NOTE | |||
r-oldrel-windows-x86_64 | 0.2.6 | 11.00 | 99.00 | 110.00 | NOTE |
Version: 0.2.6
Check: Rd files
Result: NOTE
checkRd: (-1) statcan_data.Rd:22: Lost braces; missing escapes or markup?
22 | \code{statcan_data()} function has 2 arguments to fulfill to get data: {tableNumber} & {lang}.
| ^
checkRd: (-1) statcan_data.Rd:22: Lost braces; missing escapes or markup?
22 | \code{statcan_data()} function has 2 arguments to fulfill to get data: {tableNumber} & {lang}.
| ^
checkRd: (-1) statcan_search.Rd:18: Lost braces; missing escapes or markup?
18 | The \code{statcan_search()} function has 2 arguments to fulfill to find a database: {keywords} and {lang}.
| ^
checkRd: (-1) statcan_search.Rd:18: Lost braces; missing escapes or markup?
18 | The \code{statcan_search()} function has 2 arguments to fulfill to find a database: {keywords} and {lang}.
| ^
Flavors: r-devel-linux-x86_64-debian-clang, r-devel-linux-x86_64-debian-gcc, r-devel-linux-x86_64-fedora-clang, r-devel-linux-x86_64-fedora-gcc, r-devel-windows-x86_64, r-patched-linux-x86_64, r-release-linux-x86_64, r-release-macos-arm64, r-release-macos-x86_64, r-release-windows-x86_64, r-oldrel-macos-arm64, r-oldrel-macos-x86_64, r-oldrel-windows-x86_64
Version: 0.2.6
Check: examples
Result: ERROR
Running examples in ‘statcanR-Ex.R’ failed
The error most likely occurred in:
> base::assign(".ptime", proc.time(), pos = "CheckExEnv")
> ### Name: statcan_search
> ### Title: Searching function for statcanR
> ### Aliases: statcan_search
>
> ### ** Examples
>
> statcan_search(c("economy","export","link"),"eng")
Error in curl::curl_fetch_memory(url, handle = handle) :
Timeout was reached [warin.ca]:
Connection timed out after 10001 milliseconds
Calls: statcan_search ... request_fetch.write_memory -> <Anonymous> -> raise_libcurl_error
Execution halted
Flavor: r-devel-linux-x86_64-debian-gcc
Version: 0.2.6
Check: examples
Result: ERROR
Running examples in ‘statcanR-Ex.R’ failed
The error most likely occurred in:
> base::assign(".ptime", proc.time(), pos = "CheckExEnv")
> ### Name: statcan_search
> ### Title: Searching function for statcanR
> ### Aliases: statcan_search
>
> ### ** Examples
>
> statcan_search(c("economy","export","link"),"eng")
Error in curl::curl_fetch_memory(url, handle = handle) :
Timeout was reached [warin.ca]:
Connection timed out after 10002 milliseconds
Calls: statcan_search ... request_fetch.write_memory -> <Anonymous> -> raise_libcurl_error
Execution halted
Flavor: r-patched-linux-x86_64
These binaries (installable software) and packages are in development.
They may not be fully stable and should be used with caution. We make no claims about them.
Health stats visible at Monitor.