Last updated on 2025-02-23 19:51:22 CET.
Flavor | Version | Tinstall | Tcheck | Ttotal | Status | Flags |
---|---|---|---|---|---|---|
r-devel-linux-x86_64-debian-clang | 0.6-8 | 15.57 | 306.63 | 322.20 | OK | |
r-devel-linux-x86_64-debian-gcc | 0.6-8 | 10.07 | 209.54 | 219.61 | OK | |
r-devel-linux-x86_64-fedora-clang | 0.6-8 | 540.55 | NOTE | |||
r-devel-linux-x86_64-fedora-gcc | 0.6-8 | 559.30 | OK | |||
r-devel-macos-arm64 | 0.6-8 | 120.00 | NOTE | |||
r-devel-macos-x86_64 | 0.6-8 | 316.00 | NOTE | |||
r-devel-windows-x86_64 | 0.6-8 | 18.00 | 299.00 | 317.00 | OK | |
r-patched-linux-x86_64 | 0.6-8 | 16.73 | 285.98 | 302.71 | NOTE | |
r-release-linux-x86_64 | 0.6-8 | 14.82 | 287.68 | 302.50 | NOTE | |
r-release-macos-arm64 | 0.6-8 | 162.00 | NOTE | |||
r-release-macos-x86_64 | 0.6-8 | 321.00 | NOTE | |||
r-release-windows-x86_64 | 0.6-8 | 19.00 | 302.00 | 321.00 | NOTE | |
r-oldrel-macos-arm64 | 0.6-7 | 156.00 | NOTE | |||
r-oldrel-macos-x86_64 | 0.6-8 | 281.00 | NOTE | |||
r-oldrel-windows-x86_64 | 0.6-8 | 23.00 | 365.00 | 388.00 | NOTE |
Version: 0.6-8
Check: tests
Result: NOTE
Running ‘aggregate.R’ [22s/56s]
Comparing ‘aggregate.Rout’ to ‘aggregate.Rout.save’ ... OK
Running ‘align.R’
Comparing ‘align.Rout’ to ‘align.Rout.save’ ... OK
Running ‘area.R’
Comparing ‘area.Rout’ to ‘area.Rout.save’ ... OK
Running ‘crop.R’ [9s/22s]
Comparing ‘crop.Rout’ to ‘crop.Rout.save’ ... OK
Running ‘curvilinear.R’
Comparing ‘curvilinear.Rout’ to ‘curvilinear.Rout.save’ ... OK
Running ‘datasets.R’
Comparing ‘datasets.Rout’ to ‘datasets.Rout.save’ ... OK
Running ‘dimensions.R’ [5s/13s]
Comparing ‘dimensions.Rout’ to ‘dimensions.Rout.save’ ... OK
Running ‘downsample.R’
Comparing ‘downsample.Rout’ to ‘downsample.Rout.save’ ... OK
Running ‘ee.R’
Comparing ‘ee.Rout’ to ‘ee.Rout.save’ ... OK
Running ‘extract.R’
Comparing ‘extract.Rout’ to ‘extract.Rout.save’ ... OK
Running ‘gridtypes.R’
Comparing ‘gridtypes.Rout’ to ‘gridtypes.Rout.save’ ...246,247c246,247
< lon 1 3 WGS 84 FALSE [3x3] 0.03,...,0.89 [x]
< lat 1 3 WGS 84 FALSE [3x3] 0.021,...,0.89 [y]
---
> lon 1 3 WGS 84 (CRS84) FALSE [3x3] 0.03,...,0.89 [x]
> lat 1 3 WGS 84 (CRS84) FALSE [3x3] 0.021,...,0.89 [y]
Running ‘mdim.R’
Comparing ‘mdim.Rout’ to ‘mdim.Rout.save’ ... OK
Running ‘nc.R’ [4s/12s]
Comparing ‘nc.Rout’ to ‘nc.Rout.save’ ... OK
Running ‘plot.R’ [5s/15s]
Comparing ‘plot.Rout’ to ‘plot.Rout.save’ ... OK
Running ‘predict.R’ [7s/18s]
Comparing ‘predict.Rout’ to ‘predict.Rout.save’ ... OK
Running ‘proxy.R’ [6s/15s]
Comparing ‘proxy.Rout’ to ‘proxy.Rout.save’ ... OK
Running ‘raster.R’ [21s/53s]
Comparing ‘raster.Rout’ to ‘raster.Rout.save’ ...103,104c103,104
< x 1 10 -180 36 WGS 84 NULL [x]
< y 1 10 90 -18 WGS 84 NULL [y]
---
> x 1 10 -180 36 WGS 84 (CRS84) NULL [x]
> y 1 10 90 -18 WGS 84 (CRS84) NULL [y]
Running ‘rasterize.R’ [5s/12s]
Comparing ‘rasterize.Rout’ to ‘rasterize.Rout.save’ ... OK
Running ‘rectilinear.R’
Comparing ‘rectilinear.Rout’ to ‘rectilinear.Rout.save’ ... OK
Running ‘redimension.R’
Comparing ‘redimension.Rout’ to ‘redimension.Rout.save’ ... OK
Running ‘sf.R’
Comparing ‘sf.Rout’ to ‘sf.Rout.save’ ... OK
Running ‘sp.R’
Comparing ‘sp.Rout’ to ‘sp.Rout.save’ ... OK
Running ‘spacetime.R’ [5s/13s]
Comparing ‘spacetime.Rout’ to ‘spacetime.Rout.save’ ... OK
Running ‘spatstat.R’ [6s/14s]
Comparing ‘spatstat.Rout’ to ‘spatstat.Rout.save’ ... OK
Running ‘stars.R’ [14s/37s]
Comparing ‘stars.Rout’ to ‘stars.Rout.save’ ...249,250c249,250
< x 1 360 -180 1 WGS 84 [x]
< y 1 180 90 -1 WGS 84 [y]
---
> x 1 360 -180 1 WGS 84 (CRS84) [x]
> y 1 180 90 -1 WGS 84 (CRS84) [y]
Running ‘subset.R’
Comparing ‘subset.Rout’ to ‘subset.Rout.save’ ... OK
Running ‘testthat.R’ [30s/76s]
Running ‘tidy.R’ [5s/12s]
Comparing ‘tidy.Rout’ to ‘tidy.Rout.save’ ... OK
Running ‘transform.R’
Comparing ‘transform.Rout’ to ‘transform.Rout.save’ ... OK
Running ‘warp.R’ [4s/11s]
Comparing ‘warp.Rout’ to ‘warp.Rout.save’ ... OK
Running ‘write.R’
Comparing ‘write.Rout’ to ‘write.Rout.save’ ... OK
Flavor: r-devel-linux-x86_64-fedora-clang
Version: 0.6-8
Check: tests
Result: NOTE
Running ‘aggregate.R’ [3s/3s]
Comparing ‘aggregate.Rout’ to ‘aggregate.Rout.save’ ... OK
Running ‘align.R’ [1s/1s]
Comparing ‘align.Rout’ to ‘align.Rout.save’ ... OK
Running ‘area.R’ [0s/0s]
Comparing ‘area.Rout’ to ‘area.Rout.save’ ... OK
Running ‘crop.R’ [2s/2s]
Comparing ‘crop.Rout’ to ‘crop.Rout.save’ ... OK
Running ‘curvilinear.R’ [0s/0s]
Comparing ‘curvilinear.Rout’ to ‘curvilinear.Rout.save’ ... OK
Running ‘datasets.R’ [0s/0s]
Comparing ‘datasets.Rout’ to ‘datasets.Rout.save’ ... OK
Running ‘dimensions.R’ [1s/1s]
Comparing ‘dimensions.Rout’ to ‘dimensions.Rout.save’ ... OK
Running ‘downsample.R’ [0s/1s]
Comparing ‘downsample.Rout’ to ‘downsample.Rout.save’ ... OK
Running ‘ee.R’ [1s/1s]
Comparing ‘ee.Rout’ to ‘ee.Rout.save’ ... OK
Running ‘extract.R’ [0s/0s]
Comparing ‘extract.Rout’ to ‘extract.Rout.save’ ... OK
Running ‘gridtypes.R’ [0s/0s]
Comparing ‘gridtypes.Rout’ to ‘gridtypes.Rout.save’ ...246,247c246,247
< lon 1 3 WGS 84 FALSE [3x3] 0.03,...,0.89 [x]
< lat 1 3 WGS 84 FALSE [3x3] 0.021,...,0.89 [y]
---
> lon 1 3 WGS 84 (CRS84) FALSE [3x3] 0.03,...,0.89 [x]
> lat 1 3 WGS 84 (CRS84) FALSE [3x3] 0.021,...,0.89 [y]
Running ‘mdim.R’ [0s/0s]
Comparing ‘mdim.Rout’ to ‘mdim.Rout.save’ ... OK
Running ‘nc.R’ [1s/1s]
Comparing ‘nc.Rout’ to ‘nc.Rout.save’ ... OK
Running ‘plot.R’ [1s/1s]
Comparing ‘plot.Rout’ to ‘plot.Rout.save’ ... OK
Running ‘predict.R’ [1s/2s]
Comparing ‘predict.Rout’ to ‘predict.Rout.save’ ... OK
Running ‘proxy.R’ [1s/1s]
Comparing ‘proxy.Rout’ to ‘proxy.Rout.save’ ... OK
Running ‘raster.R’ [3s/3s]
Comparing ‘raster.Rout’ to ‘raster.Rout.save’ ...103,104c103,104
< x 1 10 -180 36 WGS 84 NULL [x]
< y 1 10 90 -18 WGS 84 NULL [y]
---
> x 1 10 -180 36 WGS 84 (CRS84) NULL [x]
> y 1 10 90 -18 WGS 84 (CRS84) NULL [y]
Running ‘rasterize.R’ [1s/1s]
Comparing ‘rasterize.Rout’ to ‘rasterize.Rout.save’ ... OK
Running ‘rectilinear.R’ [1s/1s]
Comparing ‘rectilinear.Rout’ to ‘rectilinear.Rout.save’ ... OK
Running ‘redimension.R’ [1s/1s]
Comparing ‘redimension.Rout’ to ‘redimension.Rout.save’ ... OK
Running ‘sf.R’ [1s/1s]
Comparing ‘sf.Rout’ to ‘sf.Rout.save’ ... OK
Running ‘sp.R’ [1s/1s]
Comparing ‘sp.Rout’ to ‘sp.Rout.save’ ... OK
Running ‘spacetime.R’ [1s/1s]
Comparing ‘spacetime.Rout’ to ‘spacetime.Rout.save’ ... OK
Running ‘spatstat.R’ [1s/1s]
Comparing ‘spatstat.Rout’ to ‘spatstat.Rout.save’ ... OK
Running ‘stars.R’ [3s/3s]
Comparing ‘stars.Rout’ to ‘stars.Rout.save’ ...249,250c249,250
< x 1 360 -180 1 WGS 84 [x]
< y 1 180 90 -1 WGS 84 [y]
---
> x 1 360 -180 1 WGS 84 (CRS84) [x]
> y 1 180 90 -1 WGS 84 (CRS84) [y]
Running ‘subset.R’ [1s/1s]
Comparing ‘subset.Rout’ to ‘subset.Rout.save’ ... OK
Running ‘testthat.R’ [5s/5s]
Running ‘tidy.R’ [1s/1s]
Comparing ‘tidy.Rout’ to ‘tidy.Rout.save’ ... OK
Running ‘transform.R’ [1s/1s]
Comparing ‘transform.Rout’ to ‘transform.Rout.save’ ... OK
Running ‘warp.R’ [1s/1s]
Comparing ‘warp.Rout’ to ‘warp.Rout.save’ ... OK
Running ‘write.R’ [1s/1s]
Comparing ‘write.Rout’ to ‘write.Rout.save’ ... OK
Flavor: r-devel-macos-arm64
Version: 0.6-8
Check: tests
Result: NOTE
Running ‘aggregate.R’ [7s/13s]
Comparing ‘aggregate.Rout’ to ‘aggregate.Rout.save’ ... OK
Running ‘align.R’ [1s/2s]
Comparing ‘align.Rout’ to ‘align.Rout.save’ ... OK
Running ‘area.R’ [1s/2s]
Comparing ‘area.Rout’ to ‘area.Rout.save’ ... OK
Running ‘crop.R’ [3s/4s]
Comparing ‘crop.Rout’ to ‘crop.Rout.save’ ... OK
Running ‘curvilinear.R’ [1s/1s]
Comparing ‘curvilinear.Rout’ to ‘curvilinear.Rout.save’ ... OK
Running ‘datasets.R’ [1s/1s]
Comparing ‘datasets.Rout’ to ‘datasets.Rout.save’ ... OK
Running ‘dimensions.R’ [2s/3s]
Comparing ‘dimensions.Rout’ to ‘dimensions.Rout.save’ ... OK
Running ‘downsample.R’ [1s/1s]
Comparing ‘downsample.Rout’ to ‘downsample.Rout.save’ ... OK
Running ‘ee.R’ [1s/1s]
Comparing ‘ee.Rout’ to ‘ee.Rout.save’ ... OK
Running ‘extract.R’ [1s/1s]
Comparing ‘extract.Rout’ to ‘extract.Rout.save’ ... OK
Running ‘gridtypes.R’ [1s/1s]
Comparing ‘gridtypes.Rout’ to ‘gridtypes.Rout.save’ ...246,247c246,247
< lon 1 3 WGS 84 FALSE [3x3] 0.03,...,0.89 [x]
< lat 1 3 WGS 84 FALSE [3x3] 0.021,...,0.89 [y]
---
> lon 1 3 WGS 84 (CRS84) FALSE [3x3] 0.03,...,0.89 [x]
> lat 1 3 WGS 84 (CRS84) FALSE [3x3] 0.021,...,0.89 [y]
Running ‘mdim.R’ [1s/1s]
Comparing ‘mdim.Rout’ to ‘mdim.Rout.save’ ... OK
Running ‘nc.R’ [1s/2s]
Comparing ‘nc.Rout’ to ‘nc.Rout.save’ ... OK
Running ‘plot.R’ [2s/3s]
Comparing ‘plot.Rout’ to ‘plot.Rout.save’ ... OK
Running ‘predict.R’ [3s/4s]
Comparing ‘predict.Rout’ to ‘predict.Rout.save’ ... OK
Running ‘proxy.R’ [2s/3s]
Comparing ‘proxy.Rout’ to ‘proxy.Rout.save’ ... OK
Running ‘raster.R’ [7s/10s]
Comparing ‘raster.Rout’ to ‘raster.Rout.save’ ...103,104c103,104
< x 1 10 -180 36 WGS 84 NULL [x]
< y 1 10 90 -18 WGS 84 NULL [y]
---
> x 1 10 -180 36 WGS 84 (CRS84) NULL [x]
> y 1 10 90 -18 WGS 84 (CRS84) NULL [y]
Running ‘rasterize.R’ [2s/3s]
Comparing ‘rasterize.Rout’ to ‘rasterize.Rout.save’ ... OK
Running ‘rectilinear.R’ [1s/2s]
Comparing ‘rectilinear.Rout’ to ‘rectilinear.Rout.save’ ... OK
Running ‘redimension.R’ [1s/1s]
Comparing ‘redimension.Rout’ to ‘redimension.Rout.save’ ... OK
Running ‘sf.R’ [1s/2s]
Comparing ‘sf.Rout’ to ‘sf.Rout.save’ ... OK
Running ‘sp.R’ [1s/1s]
Comparing ‘sp.Rout’ to ‘sp.Rout.save’ ... OK
Running ‘spacetime.R’ [2s/2s]
Comparing ‘spacetime.Rout’ to ‘spacetime.Rout.save’ ... OK
Running ‘spatstat.R’ [2s/3s]
Comparing ‘spatstat.Rout’ to ‘spatstat.Rout.save’ ... OK
Running ‘stars.R’ [6s/9s]
Comparing ‘stars.Rout’ to ‘stars.Rout.save’ ...249,250c249,250
< x 1 360 -180 1 WGS 84 [x]
< y 1 180 90 -1 WGS 84 [y]
---
> x 1 360 -180 1 WGS 84 (CRS84) [x]
> y 1 180 90 -1 WGS 84 (CRS84) [y]
Running ‘subset.R’ [1s/1s]
Comparing ‘subset.Rout’ to ‘subset.Rout.save’ ... OK
Running ‘testthat.R’ [10s/20s]
Running ‘tidy.R’ [2s/2s]
Comparing ‘tidy.Rout’ to ‘tidy.Rout.save’ ... OK
Running ‘transform.R’ [1s/1s]
Comparing ‘transform.Rout’ to ‘transform.Rout.save’ ... OK
Running ‘warp.R’ [2s/2s]
Comparing ‘warp.Rout’ to ‘warp.Rout.save’ ... OK
Running ‘write.R’ [1s/1s]
Comparing ‘write.Rout’ to ‘write.Rout.save’ ... OK
Flavor: r-devel-macos-x86_64
Version: 0.6-8
Check: package dependencies
Result: NOTE
Package suggested but not available for checking: ‘starsdata’
Flavors: r-patched-linux-x86_64, r-release-linux-x86_64, r-release-macos-arm64, r-release-macos-x86_64, r-release-windows-x86_64, r-oldrel-macos-x86_64, r-oldrel-windows-x86_64
Version: 0.6-8
Check: installed package size
Result: NOTE
installed size is 6.9Mb
sub-directories of 1Mb or more:
doc 2.9Mb
nc 1.7Mb
Flavors: r-release-macos-arm64, r-release-macos-x86_64, r-release-windows-x86_64, r-oldrel-macos-x86_64, r-oldrel-windows-x86_64
Version: 0.6-7
Check: package dependencies
Result: NOTE
Package suggested but not available for checking: ‘starsdata’
Flavor: r-oldrel-macos-arm64
Version: 0.6-7
Check: installed package size
Result: NOTE
installed size is 6.8Mb
sub-directories of 1Mb or more:
doc 2.9Mb
nc 1.7Mb
Flavor: r-oldrel-macos-arm64
These binaries (installable software) and packages are in development.
They may not be fully stable and should be used with caution. We make no claims about them.
Health stats visible at Monitor.