Last updated on 2025-05-17 15:50:57 CEST.
Flavor | Version | Tinstall | Tcheck | Ttotal | Status | Flags |
---|---|---|---|---|---|---|
r-devel-linux-x86_64-debian-clang | 2.3.0 | 6.75 | 89.95 | 96.70 | NOTE | |
r-devel-linux-x86_64-debian-gcc | 2.3.0 | 5.00 | 58.79 | 63.79 | NOTE | |
r-devel-linux-x86_64-fedora-clang | 2.3.0 | 153.34 | OK | |||
r-devel-linux-x86_64-fedora-gcc | 2.3.0 | 144.22 | OK | |||
r-devel-windows-x86_64 | 2.3.0 | 8.00 | 109.00 | 117.00 | OK | |
r-patched-linux-x86_64 | 2.3.0 | 8.18 | 82.75 | 90.93 | OK | |
r-release-linux-x86_64 | 2.3.0 | 6.71 | 82.89 | 89.60 | OK | |
r-release-macos-arm64 | 2.3.0 | 39.00 | OK | |||
r-release-macos-x86_64 | 2.3.0 | 79.00 | OK | |||
r-release-windows-x86_64 | 2.3.0 | 8.00 | 111.00 | 119.00 | OK | |
r-oldrel-macos-arm64 | 2.3.0 | 36.00 | OK | |||
r-oldrel-macos-x86_64 | 2.3.0 | 61.00 | OK | |||
r-oldrel-windows-x86_64 | 2.3.0 | 7.00 | 139.00 | 146.00 | OK |
Version: 2.3.0
Check: CRAN incoming feasibility
Result: NOTE
Maintainer: ‘Gherardo Varando <gherardo.varando@gmail.com>’
The Description field contains
Smith J. Q. (2018) <arXiv:1705.09457>. Thwaites P. A., Smith, J. Q.
(2017) <arXiv:1510.00186>. Barclay L. M., Hutton J. L. and Smith J. Q.
Please refer to arXiv e-prints via their arXiv DOI <doi:10.48550/arXiv.YYMM.NNNNN>.
Flavors: r-devel-linux-x86_64-debian-clang, r-devel-linux-x86_64-debian-gcc
These binaries (installable software) and packages are in development.
They may not be fully stable and should be used with caution. We make no claims about them.
Health stats visible at Monitor.