CRAN Package Check Results for Package stRoke

Last updated on 2025-02-23 15:49:59 CET.

Flavor Version Tinstall Tcheck Ttotal Status Flags
r-devel-linux-x86_64-debian-clang 24.10.1 7.34 77.73 85.07 NOTE
r-devel-linux-x86_64-debian-gcc 24.10.1 5.27 53.73 59.00 NOTE
r-devel-linux-x86_64-fedora-clang 24.10.1 142.93 NOTE
r-devel-linux-x86_64-fedora-gcc 24.10.1 150.05 NOTE
r-devel-macos-arm64 24.10.1 46.00 OK
r-devel-macos-x86_64 24.10.1 79.00 NOTE
r-devel-windows-x86_64 24.10.1 8.00 88.00 96.00 NOTE
r-patched-linux-x86_64 24.10.1 7.65 70.10 77.75 OK
r-release-linux-x86_64 24.10.1 6.67 70.53 77.20 OK
r-release-macos-arm64 24.10.1 41.00 OK
r-release-macos-x86_64 24.10.1 52.00 OK
r-release-windows-x86_64 24.10.1 11.00 89.00 100.00 OK
r-oldrel-macos-arm64 24.10.1 48.00 OK
r-oldrel-macos-x86_64 24.10.1 67.00 OK
r-oldrel-windows-x86_64 24.10.1 11.00 103.00 114.00 OK

Check Details

Version: 24.10.1
Check: DESCRIPTION meta-information
Result: NOTE Missing dependency on R >= 4.1.0 because package code uses the pipe |> or function shorthand \(...) syntax added in R 4.1.0. File(s) using such syntax: ‘generic_stroke.R’ ‘index_plot.R’ ‘mfi_calc.R’ ‘pase_calc.R’ Flavors: r-devel-linux-x86_64-debian-clang, r-devel-linux-x86_64-debian-gcc, r-devel-linux-x86_64-fedora-clang, r-devel-linux-x86_64-fedora-gcc, r-devel-macos-x86_64, r-devel-windows-x86_64

These binaries (installable software) and packages are in development.
They may not be fully stable and should be used with caution. We make no claims about them.
Health stats visible at Monitor.