Last updated on 2024-05-02 06:12:04 CEST.
Flavor | Version | Tinstall | Tcheck | Ttotal | Status | Flags |
---|---|---|---|---|---|---|
r-devel-linux-x86_64-debian-clang | 0.2 | 2.74 | 28.34 | 31.08 | NOTE | |
r-devel-linux-x86_64-debian-gcc | 0.2 | 2.43 | 21.86 | 24.29 | NOTE | |
r-devel-linux-x86_64-fedora-clang | 0.2 | 39.77 | NOTE | |||
r-devel-linux-x86_64-fedora-gcc | 0.2 | 37.09 | NOTE | |||
r-devel-windows-x86_64 | 0.2 | 3.00 | 44.00 | 47.00 | NOTE | |
r-patched-linux-x86_64 | 0.2 | 4.62 | 27.86 | 32.48 | NOTE | |
r-release-linux-x86_64 | 0.2 | 2.04 | 27.71 | 29.75 | NOTE | |
r-release-macos-arm64 | 0.2 | 16.00 | NOTE | |||
r-release-windows-x86_64 | 0.2 | 3.00 | 44.00 | 47.00 | NOTE | |
r-oldrel-macos-arm64 | 0.2 | 19.00 | NOTE | |||
r-oldrel-macos-x86_64 | 0.2 | 24.00 | NOTE | |||
r-oldrel-windows-x86_64 | 0.2 | 4.00 | 48.00 | 52.00 | NOTE |
Version: 0.2
Check: Rd files
Result: NOTE
checkRd: (-1) sscor.Rd:33: Lost braces; missing escapes or markup?
33 | Otherwise, if {pdim=TRUE}, the pxp SSCM is computed, and then from the SSCM an estimator of the correlation matrix, which is done by the function \code{\link{SSCM2Shape}}, see there for details.
| ^
Flavors: r-devel-linux-x86_64-debian-clang, r-devel-linux-x86_64-debian-gcc, r-devel-linux-x86_64-fedora-clang, r-devel-linux-x86_64-fedora-gcc, r-devel-windows-x86_64, r-patched-linux-x86_64, r-release-linux-x86_64, r-release-macos-arm64, r-release-windows-x86_64
Version: 0.2
Check: LazyData
Result: NOTE
'LazyData' is specified without a 'data' directory
Flavors: r-devel-linux-x86_64-debian-clang, r-devel-linux-x86_64-debian-gcc, r-devel-linux-x86_64-fedora-clang, r-devel-linux-x86_64-fedora-gcc, r-devel-windows-x86_64, r-patched-linux-x86_64, r-release-linux-x86_64, r-release-macos-arm64, r-release-windows-x86_64, r-oldrel-macos-arm64, r-oldrel-macos-x86_64, r-oldrel-windows-x86_64
These binaries (installable software) and packages are in development.
They may not be fully stable and should be used with caution. We make no claims about them.
Health stats visible at Monitor.