Last updated on 2025-02-23 19:51:21 CET.
Flavor | Version | Tinstall | Tcheck | Ttotal | Status | Flags |
---|---|---|---|---|---|---|
r-devel-linux-x86_64-debian-clang | 0.2.1 | 4.39 | 31.19 | 35.58 | NOTE | |
r-devel-linux-x86_64-debian-gcc | 0.2.1 | 2.87 | 22.31 | 25.18 | NOTE | |
r-devel-linux-x86_64-fedora-clang | 0.2.1 | 55.37 | NOTE | |||
r-devel-linux-x86_64-fedora-gcc | 0.2.1 | 52.39 | NOTE | |||
r-devel-macos-arm64 | 0.2.1 | 23.00 | NOTE | |||
r-devel-macos-x86_64 | 0.2.1 | 35.00 | NOTE | |||
r-devel-windows-x86_64 | 0.2.1 | 8.00 | 51.00 | 59.00 | NOTE | |
r-patched-linux-x86_64 | 0.2.1 | 4.20 | 28.76 | 32.96 | NOTE | |
r-release-linux-x86_64 | 0.2.1 | 3.76 | 29.64 | 33.40 | NOTE | |
r-release-macos-arm64 | 0.2.1 | 24.00 | NOTE | |||
r-release-macos-x86_64 | 0.2.1 | 30.00 | NOTE | |||
r-release-windows-x86_64 | 0.2.1 | 7.00 | 49.00 | 56.00 | NOTE | |
r-oldrel-macos-arm64 | 0.2.1 | 24.00 | NOTE | |||
r-oldrel-macos-x86_64 | 0.2.1 | 30.00 | NOTE | |||
r-oldrel-windows-x86_64 | 0.2.1 | 8.00 | 55.00 | 63.00 | NOTE |
Version: 0.2.1
Check: Rd files
Result: NOTE
checkRd: (-1) squidR.Rd:83: Lost braces; missing escapes or markup?
83 | \item \code{X1_sto_shared} (default \code{TRUE}): {logical}; if \code{TRUE}, the stochastic environmental effect included in the environmental effect x1 will be shared between individuals. If \code{FALSE}, each individual will experience a different stochastic environmental effect x1 (i.e. a new stochastic environmental effect is generated for each individual).
| ^
Flavors: r-devel-linux-x86_64-debian-clang, r-devel-linux-x86_64-debian-gcc, r-devel-linux-x86_64-fedora-clang, r-devel-linux-x86_64-fedora-gcc, r-devel-macos-arm64, r-devel-macos-x86_64, r-devel-windows-x86_64, r-patched-linux-x86_64, r-release-linux-x86_64, r-release-macos-arm64, r-release-macos-x86_64, r-release-windows-x86_64
Version: 0.2.1
Check: dependencies in R code
Result: NOTE
Namespaces in Imports field not imported from:
‘arm’ ‘brms’ ‘lme4’ ‘plotly’ ‘shinyMatrix’
All declared Imports should be used.
Flavors: r-devel-linux-x86_64-fedora-clang, r-devel-linux-x86_64-fedora-gcc
Version: 0.2.1
Check: installed package size
Result: NOTE
installed size is 5.6Mb
sub-directories of 1Mb or more:
shiny-squid 5.4Mb
Flavors: r-release-macos-arm64, r-release-macos-x86_64, r-release-windows-x86_64, r-oldrel-macos-arm64, r-oldrel-macos-x86_64, r-oldrel-windows-x86_64
These binaries (installable software) and packages are in development.
They may not be fully stable and should be used with caution. We make no claims about them.
Health stats visible at Monitor.