Last updated on 2024-05-02 06:12:04 CEST.
Flavor | Version | Tinstall | Tcheck | Ttotal | Status | Flags |
---|---|---|---|---|---|---|
r-devel-linux-x86_64-debian-clang | 1.1.0 | 6.25 | 51.81 | 58.06 | NOTE | |
r-devel-linux-x86_64-debian-gcc | 1.1.0 | 4.79 | 38.18 | 42.97 | NOTE | |
r-devel-linux-x86_64-fedora-clang | 1.1.0 | 70.40 | NOTE | |||
r-devel-linux-x86_64-fedora-gcc | 1.1.0 | 67.18 | NOTE | |||
r-devel-windows-x86_64 | 1.1.0 | 6.00 | 69.00 | 75.00 | NOTE | |
r-patched-linux-x86_64 | 1.1.0 | 10.05 | 47.77 | 57.82 | NOTE | |
r-release-linux-x86_64 | 1.1.0 | 4.86 | 48.45 | 53.31 | NOTE | |
r-release-macos-arm64 | 1.1.0 | 24.00 | NOTE | |||
r-release-windows-x86_64 | 1.1.0 | 6.00 | 68.00 | 74.00 | NOTE | |
r-oldrel-macos-arm64 | 1.1.0 | 28.00 | NOTE | |||
r-oldrel-macos-x86_64 | 1.1.0 | 38.00 | NOTE | |||
r-oldrel-windows-x86_64 | 1.1.0 | 8.00 | 73.00 | 81.00 | NOTE |
Version: 1.1.0
Check: Rd files
Result: NOTE
checkRd: (-1) shpdata1.Rd:7: Lost braces
7 | \format{An object of class /code{"list"}.}
| ^
checkRd: (-1) shypEstFun.Rd:52: Escaped LaTeX specials: \$
checkRd: (-1) shypEstFun.Rd:54: Escaped LaTeX specials: \$
checkRd: (-1) sncFun.01110.Rd:27: Lost braces
27 | The function is Eq. Table 1-C1 in insertRef{Streck.2020}{spsh} using eq 21 which can be used
| ^
checkRd: (-1) sncFun.01110.Rd:27: Lost braces
27 | The function is Eq. Table 1-C1 in insertRef{Streck.2020}{spsh} using eq 21 which can be used
| ^
checkRd: (-1) sncFun.02110.Rd:27: Lost braces
27 | The function is Eq. Table 1-B in insertRef{Streck.2020}{spsh}
| ^
checkRd: (-1) sncFun.02110.Rd:27: Lost braces
27 | The function is Eq. Table 1-B in insertRef{Streck.2020}{spsh}
| ^
checkRd: (-1) sncFun.04110.Rd:27: Lost braces
27 | The function is Eq. Table 1-A in insertRef{Streck.2020}{spsh}
| ^
checkRd: (-1) sncFun.04110.Rd:27: Lost braces
27 | The function is Eq. Table 1-A in insertRef{Streck.2020}{spsh}
| ^
Flavors: r-devel-linux-x86_64-debian-clang, r-devel-linux-x86_64-debian-gcc, r-devel-linux-x86_64-fedora-clang, r-devel-linux-x86_64-fedora-gcc, r-devel-windows-x86_64, r-patched-linux-x86_64, r-release-linux-x86_64, r-release-macos-arm64, r-release-windows-x86_64
Version: 1.1.0
Check: Rd files
Result: NOTE
checkRd: (-1) shypEstFun.Rd:52: Escaped LaTeX specials: \$
checkRd: (-1) shypEstFun.Rd:54: Escaped LaTeX specials: \$
Flavors: r-oldrel-macos-arm64, r-oldrel-macos-x86_64, r-oldrel-windows-x86_64
These binaries (installable software) and packages are in development.
They may not be fully stable and should be used with caution. We make no claims about them.
Health stats visible at Monitor.