Last updated on 2025-02-23 19:51:21 CET.
Flavor | Version | Tinstall | Tcheck | Ttotal | Status | Flags |
---|---|---|---|---|---|---|
r-devel-linux-x86_64-debian-clang | 0.2.0 | 11.15 | 45.57 | 56.72 | NOTE | |
r-devel-linux-x86_64-debian-gcc | 0.2.0 | 7.68 | 35.90 | 43.58 | NOTE | |
r-devel-linux-x86_64-fedora-clang | 0.2.0 | 92.03 | NOTE | |||
r-devel-linux-x86_64-fedora-gcc | 0.2.0 | 100.45 | NOTE | |||
r-devel-macos-arm64 | 0.2.0 | 36.00 | NOTE | |||
r-devel-macos-x86_64 | 0.2.0 | 63.00 | NOTE | |||
r-devel-windows-x86_64 | 0.2.0 | 16.00 | 78.00 | 94.00 | NOTE | |
r-patched-linux-x86_64 | 0.2.0 | 11.40 | 43.37 | 54.77 | NOTE | |
r-release-linux-x86_64 | 0.2.0 | 9.91 | 43.58 | 53.49 | NOTE | |
r-release-macos-arm64 | 0.2.0 | 35.00 | NOTE | |||
r-release-macos-x86_64 | 0.2.0 | 53.00 | NOTE | |||
r-release-windows-x86_64 | 0.2.0 | 15.00 | 73.00 | 88.00 | NOTE | |
r-oldrel-macos-arm64 | 0.2.0 | 38.00 | NOTE | |||
r-oldrel-macos-x86_64 | 0.2.0 | 50.00 | NOTE | |||
r-oldrel-windows-x86_64 | 0.2.0 | 18.00 | 89.00 | 107.00 | NOTE |
Version: 0.2.0
Check: package subdirectories
Result: NOTE
Problems with news in ‘NEWS.md’:
Cannot extract version info from the following section titles:
updates of 10th May 2021
Flavors: r-devel-linux-x86_64-debian-clang, r-devel-linux-x86_64-debian-gcc, r-devel-linux-x86_64-fedora-clang, r-devel-linux-x86_64-fedora-gcc, r-devel-macos-arm64, r-devel-macos-x86_64, r-devel-windows-x86_64, r-patched-linux-x86_64, r-release-linux-x86_64, r-release-macos-arm64, r-release-macos-x86_64, r-release-windows-x86_64, r-oldrel-macos-arm64, r-oldrel-macos-x86_64, r-oldrel-windows-x86_64
Version: 0.2.0
Check: dependencies in R code
Result: NOTE
Namespaces in Imports field not imported from:
‘extrafont’ ‘ggplot2’
All declared Imports should be used.
Flavors: r-devel-linux-x86_64-fedora-clang, r-devel-linux-x86_64-fedora-gcc
Version: 0.2.0
Check: package dependencies
Result: NOTE
Package suggested but not available for checking: ‘ggraph’
Flavor: r-oldrel-macos-x86_64
These binaries (installable software) and packages are in development.
They may not be fully stable and should be used with caution. We make no claims about them.
Health stats visible at Monitor.