CRAN Package Check Results for Package splitstackshape

Last updated on 2025-05-07 22:48:41 CEST.

Flavor Version Tinstall Tcheck Ttotal Status Flags
r-devel-linux-x86_64-debian-clang 1.4.8 2.82 31.43 34.25 NOTE
r-devel-linux-x86_64-debian-gcc 1.4.8 1.99 24.41 26.40 NOTE
r-devel-linux-x86_64-fedora-clang 1.4.8 51.18 NOTE
r-devel-linux-x86_64-fedora-gcc 1.4.8 47.00 NOTE
r-devel-windows-x86_64 1.4.8 4.00 52.00 56.00 NOTE
r-patched-linux-x86_64 1.4.8 2.81 27.76 30.57 NOTE
r-release-linux-x86_64 1.4.8 2.75 28.33 31.08 NOTE
r-release-macos-arm64 1.4.8 18.00 NOTE
r-release-macos-x86_64 1.4.8 50.00 NOTE
r-release-windows-x86_64 1.4.8 4.00 56.00 60.00 NOTE
r-oldrel-macos-arm64 1.4.8 18.00 NOTE
r-oldrel-macos-x86_64 1.4.8 32.00 NOTE
r-oldrel-windows-x86_64 1.4.8 5.00 61.00 66.00 NOTE

Check Details

Version: 1.4.8
Check: CRAN incoming feasibility
Result: NOTE Maintainer: ‘Ananda Mahto <mrdwab@gmail.com>’ No Authors@R field in DESCRIPTION. Please add one, modifying Authors@R: person(given = "Ananda", family = "Mahto", role = c("aut", "cre"), email = "mrdwab@gmail.com") as necessary. Flavors: r-devel-linux-x86_64-debian-clang, r-devel-linux-x86_64-debian-gcc

Version: 1.4.8
Check: package subdirectories
Result: NOTE Problems with news in ‘NEWS.md’: Cannot extract version info from the following section titles: Feature Changes Flavors: r-devel-linux-x86_64-debian-clang, r-devel-linux-x86_64-debian-gcc, r-devel-linux-x86_64-fedora-clang, r-devel-linux-x86_64-fedora-gcc, r-devel-windows-x86_64, r-patched-linux-x86_64, r-release-linux-x86_64, r-release-macos-arm64, r-release-macos-x86_64, r-release-windows-x86_64, r-oldrel-macos-arm64, r-oldrel-macos-x86_64, r-oldrel-windows-x86_64

These binaries (installable software) and packages are in development.
They may not be fully stable and should be used with caution. We make no claims about them.
Health stats visible at Monitor.