Last updated on 2025-05-15 11:50:17 CEST.
Flavor | Version | Tinstall | Tcheck | Ttotal | Status | Flags |
---|---|---|---|---|---|---|
r-devel-linux-x86_64-debian-clang | 0.8.2 | 21.47 | 163.53 | 185.00 | NOTE | |
r-devel-linux-x86_64-debian-gcc | 0.8.2 | 15.55 | 114.94 | 130.49 | NOTE | |
r-devel-linux-x86_64-fedora-clang | 0.8.2 | 289.79 | NOTE | |||
r-devel-linux-x86_64-fedora-gcc | 0.8.2 | 288.83 | NOTE | |||
r-devel-windows-x86_64 | 0.8.2 | 26.00 | 164.00 | 190.00 | NOTE | |
r-patched-linux-x86_64 | 0.8.2 | 21.02 | 148.95 | 169.97 | NOTE | |
r-release-linux-x86_64 | 0.8.2 | 21.38 | 151.18 | 172.56 | NOTE | |
r-release-macos-arm64 | 0.8.2 | 84.00 | NOTE | |||
r-release-macos-x86_64 | 0.8.2 | 170.00 | NOTE | |||
r-release-windows-x86_64 | 0.8.2 | 26.00 | 168.00 | 194.00 | NOTE | |
r-oldrel-macos-arm64 | 0.8.2 | 87.00 | NOTE | |||
r-oldrel-macos-x86_64 | 0.8.2 | 124.00 | NOTE | |||
r-oldrel-windows-x86_64 | 0.8.2 | 35.00 | 227.00 | 262.00 | NOTE |
Version: 0.8.2
Check: CRAN incoming feasibility
Result: NOTE
Maintainer: ‘Sam Parsons <sam.parsons@radboudumc.nl>’
Package CITATION file contains call(s) to old-style personList() or
as.personList(). Please use c() on person objects instead.
Package CITATION file contains call(s) to old-style citEntry(). Please
use bibentry() instead.
The BugReports field in DESCRIPTION has
https://github.com/sdparsons/splithalf
which should likely be
https://github.com/sdparsons/splithalf/issues
instead.
Flavors: r-devel-linux-x86_64-debian-clang, r-devel-linux-x86_64-debian-gcc
Version: 0.8.2
Check: Rd files
Result: NOTE
checkRd: (-1) speedtestdata.Rd:18: Lost braces in \itemize; meant \describe ?
checkRd: (-1) speedtestdata.Rd:19: Lost braces in \itemize; meant \describe ?
checkRd: (-1) speedtestdata.Rd:20: Lost braces in \itemize; meant \describe ?
checkRd: (-1) speedtestdata.Rd:21: Lost braces in \itemize; meant \describe ?
checkRd: (-1) speedtestdata.Rd:22: Lost braces in \itemize; meant \describe ?
checkRd: (-1) speedtestdata.Rd:23: Lost braces in \itemize; meant \describe ?
Flavors: r-devel-linux-x86_64-debian-clang, r-devel-linux-x86_64-debian-gcc, r-devel-linux-x86_64-fedora-clang, r-devel-linux-x86_64-fedora-gcc, r-devel-windows-x86_64, r-patched-linux-x86_64, r-release-linux-x86_64, r-release-macos-arm64, r-release-macos-x86_64, r-release-windows-x86_64, r-oldrel-macos-arm64, r-oldrel-macos-x86_64, r-oldrel-windows-x86_64
These binaries (installable software) and packages are in development.
They may not be fully stable and should be used with caution. We make no claims about them.
Health stats visible at Monitor.