CRAN Package Check Results for Package sphunif

Last updated on 2025-05-03 22:50:10 CEST.

Flavor Version Tinstall Tcheck Ttotal Status Flags
r-devel-linux-x86_64-debian-clang 1.4.0 134.04 154.14 288.18 NOTE
r-devel-linux-x86_64-debian-gcc 1.4.0 104.71 105.85 210.56 NOTE
r-devel-linux-x86_64-fedora-clang 1.4.0 543.15 OK
r-devel-linux-x86_64-fedora-gcc 1.4.0 581.10 OK
r-devel-windows-x86_64 1.4.0 155.00 397.00 552.00 NOTE
r-patched-linux-x86_64 1.4.0 144.90 144.88 289.78 NOTE
r-release-linux-x86_64 NOTE
r-release-macos-arm64 1.4.0 229.00 OK
r-release-macos-x86_64 1.4.0 318.00 OK
r-release-windows-x86_64 1.4.0 155.00 395.00 550.00 NOTE
r-oldrel-macos-arm64 1.4.0 226.00 NOTE
r-oldrel-macos-x86_64 1.4.0 307.00 NOTE
r-oldrel-windows-x86_64 1.4.0 178.00 469.00 647.00 OK

Check Details

Version: 1.4.0
Check: CRAN incoming feasibility
Result: NOTE Maintainer: ‘Eduardo García-Portugués <edgarcia@est-econ.uc3m.es>’ The BugReports field in DESCRIPTION has https://github.com/egarpor/sphunif which should likely be https://github.com/egarpor/sphunif/issues instead. Flavors: r-devel-linux-x86_64-debian-clang, r-devel-linux-x86_64-debian-gcc

Version: 1.4.0
Check: Rd cross-references
Result: NOTE Found the following Rd file(s) with Rd \link{} targets missing package anchors: F_from_f.Rd: tang-norm-decomp Please provide package anchors for all Rd \link{} targets not in the package itself and the base packages. Flavors: r-devel-linux-x86_64-debian-clang, r-devel-linux-x86_64-debian-gcc, r-devel-windows-x86_64, r-patched-linux-x86_64, r-release-linux-x86_64, r-release-windows-x86_64

Version: 1.4.0
Check: installed package size
Result: NOTE installed size is 17.3Mb sub-directories of 1Mb or more: libs 16.2Mb Flavors: r-oldrel-macos-arm64, r-oldrel-macos-x86_64

These binaries (installable software) and packages are in development.
They may not be fully stable and should be used with caution. We make no claims about them.
Health stats visible at Monitor.