Last updated on 2025-10-09 23:51:26 CEST.
Flavor | Version | Tinstall | Tcheck | Ttotal | Status | Flags |
---|---|---|---|---|---|---|
r-devel-linux-x86_64-debian-clang | 0.1.3 | 15.34 | 128.37 | 143.71 | ERROR | |
r-devel-linux-x86_64-debian-gcc | 0.1.3 | 10.64 | 94.64 | 105.28 | ERROR | |
r-devel-linux-x86_64-fedora-clang | 0.1.3 | 220.06 | ERROR | |||
r-devel-linux-x86_64-fedora-gcc | 0.1.3 | 208.30 | ERROR | |||
r-devel-windows-x86_64 | 0.1.3 | 15.00 | 123.00 | 138.00 | ERROR | |
r-patched-linux-x86_64 | 0.1.3 | 14.50 | 118.64 | 133.14 | ERROR | |
r-release-linux-x86_64 | 0.1.3 | 14.28 | 117.85 | 132.13 | ERROR | |
r-release-macos-arm64 | 0.1.3 | 59.00 | OK | |||
r-release-macos-x86_64 | 0.1.3 | 120.00 | OK | |||
r-release-windows-x86_64 | 0.1.3 | 18.00 | 122.00 | 140.00 | ERROR | |
r-oldrel-macos-arm64 | 0.1.3 | 52.00 | OK | |||
r-oldrel-macos-x86_64 | 0.1.3 | 88.00 | OK | |||
r-oldrel-windows-x86_64 | 0.1.3 | 21.00 | 157.00 | 178.00 | ERROR |
Version: 0.1.3
Check: tests
Result: ERROR
Running ‘tinytest.R’ [5s/8s]
Running the tests in ‘tests/tinytest.R’ failed.
Complete output:
> if ( requireNamespace("tinytest", quietly=TRUE) ){
+ tinytest::test_package("spectralR")
+ }
test_get.pixel.data.R......... 1 tests <1b>[0;32mOK<1b>[0m <1b>[0;34m0.2s<1b>[0m
test_prepare.vector.data.R.... 1 tests <1b>[0;32mOK<1b>[0m
test_prepare.vector.data.R.... 2 tests <1b>[0;32mOK<1b>[0m
test_prepare.vector.data.R.... 3 tests <1b>[0;32mOK<1b>[0m
test_prepare.vector.data.R.... 4 tests <1b>[0;32mOK<1b>[0m
test_prepare.vector.data.R.... 4 tests <1b>[0;32mOK<1b>[0m
test_prepare.vector.data.R.... 4 tests <1b>[0;32mOK<1b>[0m
test_prepare.vector.data.R.... 5 tests <1b>[0;32mOK<1b>[0m
test_prepare.vector.data.R.... 6 tests <1b>[0;32mOK<1b>[0m
test_prepare.vector.data.R.... 7 tests <1b>[0;32mOK<1b>[0m
test_prepare.vector.data.R.... 8 tests <1b>[0;32mOK<1b>[0m
test_prepare.vector.data.R.... 9 tests <1b>[0;32mOK<1b>[0m
test_prepare.vector.data.R.... 10 tests <1b>[0;32mOK<1b>[0m
test_prepare.vector.data.R.... 11 tests <1b>[0;32mOK<1b>[0m
test_prepare.vector.data.R.... 12 tests <1b>[0;32mOK<1b>[0m <1b>[0;34m0.2s<1b>[0m
test_spectral.curves.plot.R... 1 tests <1b>[0;32mOK<1b>[0m Joining with `by = join_by(variable)`
Error in if (msg != "") { : the condition has length > 1
Calls: <Anonymous> ... lapply -> FUN -> eval -> eval -> expect_silent -> fun
Execution halted
Flavor: r-devel-linux-x86_64-debian-clang
Version: 0.1.3
Check: tests
Result: ERROR
Running ‘tinytest.R’ [4s/5s]
Running the tests in ‘tests/tinytest.R’ failed.
Complete output:
> if ( requireNamespace("tinytest", quietly=TRUE) ){
+ tinytest::test_package("spectralR")
+ }
test_get.pixel.data.R......... 1 tests <1b>[0;32mOK<1b>[0m <1b>[0;36m89ms<1b>[0m
test_prepare.vector.data.R.... 1 tests <1b>[0;32mOK<1b>[0m
test_prepare.vector.data.R.... 2 tests <1b>[0;32mOK<1b>[0m
test_prepare.vector.data.R.... 3 tests <1b>[0;32mOK<1b>[0m
test_prepare.vector.data.R.... 4 tests <1b>[0;32mOK<1b>[0m
test_prepare.vector.data.R.... 4 tests <1b>[0;32mOK<1b>[0m
test_prepare.vector.data.R.... 4 tests <1b>[0;32mOK<1b>[0m
test_prepare.vector.data.R.... 5 tests <1b>[0;32mOK<1b>[0m
test_prepare.vector.data.R.... 6 tests <1b>[0;32mOK<1b>[0m
test_prepare.vector.data.R.... 7 tests <1b>[0;32mOK<1b>[0m
test_prepare.vector.data.R.... 8 tests <1b>[0;32mOK<1b>[0m
test_prepare.vector.data.R.... 9 tests <1b>[0;32mOK<1b>[0m
test_prepare.vector.data.R.... 10 tests <1b>[0;32mOK<1b>[0m
test_prepare.vector.data.R.... 11 tests <1b>[0;32mOK<1b>[0m
test_prepare.vector.data.R.... 12 tests <1b>[0;32mOK<1b>[0m <1b>[0;34m0.1s<1b>[0m
test_spectral.curves.plot.R... 1 tests <1b>[0;32mOK<1b>[0m Joining with `by = join_by(variable)`
Error in if (msg != "") { : the condition has length > 1
Calls: <Anonymous> ... lapply -> FUN -> eval -> eval -> expect_silent -> fun
Execution halted
Flavor: r-devel-linux-x86_64-debian-gcc
Version: 0.1.3
Check: tests
Result: ERROR
Running ‘tinytest.R’ [8s/19s]
Running the tests in ‘tests/tinytest.R’ failed.
Complete output:
> if ( requireNamespace("tinytest", quietly=TRUE) ){
+ tinytest::test_package("spectralR")
+ }
test_get.pixel.data.R......... 1 tests <1b>[0;32mOK<1b>[0m <1b>[0;34m0.5s<1b>[0m
test_prepare.vector.data.R.... 1 tests <1b>[0;32mOK<1b>[0m
test_prepare.vector.data.R.... 2 tests <1b>[0;32mOK<1b>[0m
test_prepare.vector.data.R.... 3 tests <1b>[0;32mOK<1b>[0m
test_prepare.vector.data.R.... 4 tests <1b>[0;32mOK<1b>[0m
test_prepare.vector.data.R.... 4 tests <1b>[0;32mOK<1b>[0m
test_prepare.vector.data.R.... 4 tests <1b>[0;32mOK<1b>[0m
test_prepare.vector.data.R.... 5 tests <1b>[0;32mOK<1b>[0m
test_prepare.vector.data.R.... 6 tests <1b>[0;32mOK<1b>[0m
test_prepare.vector.data.R.... 7 tests <1b>[0;32mOK<1b>[0m
test_prepare.vector.data.R.... 8 tests <1b>[0;32mOK<1b>[0m
test_prepare.vector.data.R.... 9 tests <1b>[0;32mOK<1b>[0m
test_prepare.vector.data.R.... 10 tests <1b>[0;32mOK<1b>[0m
test_prepare.vector.data.R.... 11 tests <1b>[0;32mOK<1b>[0m
test_prepare.vector.data.R.... 12 tests <1b>[0;32mOK<1b>[0m <1b>[0;34m0.4s<1b>[0m
test_spectral.curves.plot.R... 1 tests <1b>[0;32mOK<1b>[0m Joining with `by = join_by(variable)`
Error in if (msg != "") { : the condition has length > 1
Calls: <Anonymous> ... lapply -> FUN -> eval -> eval -> expect_silent -> fun
Execution halted
Flavor: r-devel-linux-x86_64-fedora-clang
Version: 0.1.3
Check: tests
Result: ERROR
Running ‘tinytest.R’
Running the tests in ‘tests/tinytest.R’ failed.
Complete output:
> if ( requireNamespace("tinytest", quietly=TRUE) ){
+ tinytest::test_package("spectralR")
+ }
test_get.pixel.data.R......... 1 tests <1b>[0;32mOK<1b>[0m <1b>[0;34m0.2s<1b>[0m
test_prepare.vector.data.R.... 1 tests <1b>[0;32mOK<1b>[0m
test_prepare.vector.data.R.... 2 tests <1b>[0;32mOK<1b>[0m
test_prepare.vector.data.R.... 3 tests <1b>[0;32mOK<1b>[0m
test_prepare.vector.data.R.... 4 tests <1b>[0;32mOK<1b>[0m
test_prepare.vector.data.R.... 4 tests <1b>[0;32mOK<1b>[0m
test_prepare.vector.data.R.... 4 tests <1b>[0;32mOK<1b>[0m
test_prepare.vector.data.R.... 5 tests <1b>[0;32mOK<1b>[0m
test_prepare.vector.data.R.... 6 tests <1b>[0;32mOK<1b>[0m
test_prepare.vector.data.R.... 7 tests <1b>[0;32mOK<1b>[0m
test_prepare.vector.data.R.... 8 tests <1b>[0;32mOK<1b>[0m
test_prepare.vector.data.R.... 9 tests <1b>[0;32mOK<1b>[0m
test_prepare.vector.data.R.... 10 tests <1b>[0;32mOK<1b>[0m
test_prepare.vector.data.R.... 11 tests <1b>[0;32mOK<1b>[0m
test_prepare.vector.data.R.... 12 tests <1b>[0;32mOK<1b>[0m <1b>[0;34m0.2s<1b>[0m
test_spectral.curves.plot.R... 1 tests <1b>[0;32mOK<1b>[0m Joining with `by = join_by(variable)`
Error in if (msg != "") { : the condition has length > 1
Calls: <Anonymous> ... lapply -> FUN -> eval -> eval -> expect_silent -> fun
Execution halted
Flavor: r-devel-linux-x86_64-fedora-gcc
Version: 0.1.3
Check: tests
Result: ERROR
Running 'tinytest.R' [4s]
Running the tests in 'tests/tinytest.R' failed.
Complete output:
> if ( requireNamespace("tinytest", quietly=TRUE) ){
+ tinytest::test_package("spectralR")
+ }
test_get.pixel.data.R......... 1 tests <1b>[0;32mOK<1b>[0m <1b>[0;34m0.1s<1b>[0m
test_prepare.vector.data.R.... 1 tests <1b>[0;32mOK<1b>[0m
test_prepare.vector.data.R.... 2 tests <1b>[0;32mOK<1b>[0m
test_prepare.vector.data.R.... 3 tests <1b>[0;32mOK<1b>[0m
test_prepare.vector.data.R.... 4 tests <1b>[0;32mOK<1b>[0m
test_prepare.vector.data.R.... 4 tests <1b>[0;32mOK<1b>[0m
test_prepare.vector.data.R.... 4 tests <1b>[0;32mOK<1b>[0m
test_prepare.vector.data.R.... 5 tests <1b>[0;32mOK<1b>[0m
test_prepare.vector.data.R.... 6 tests <1b>[0;32mOK<1b>[0m
test_prepare.vector.data.R.... 7 tests <1b>[0;32mOK<1b>[0m
test_prepare.vector.data.R.... 8 tests <1b>[0;32mOK<1b>[0m
test_prepare.vector.data.R.... 9 tests <1b>[0;32mOK<1b>[0m
test_prepare.vector.data.R.... 10 tests <1b>[0;32mOK<1b>[0m
test_prepare.vector.data.R.... 11 tests <1b>[0;32mOK<1b>[0m
test_prepare.vector.data.R.... 12 tests <1b>[0;32mOK<1b>[0m <1b>[0;36m88ms<1b>[0m
test_spectral.curves.plot.R... 1 tests <1b>[0;32mOK<1b>[0m Joining with `by = join_by(variable)`
Error in if (msg != "") { : the condition has length > 1
Calls: <Anonymous> ... lapply -> FUN -> eval -> eval -> expect_silent -> fun
Execution halted
Flavor: r-devel-windows-x86_64
Version: 0.1.3
Check: tests
Result: ERROR
Running ‘tinytest.R’ [5s/7s]
Running the tests in ‘tests/tinytest.R’ failed.
Complete output:
> if ( requireNamespace("tinytest", quietly=TRUE) ){
+ tinytest::test_package("spectralR")
+ }
test_get.pixel.data.R......... 1 tests <1b>[0;32mOK<1b>[0m <1b>[0;34m0.3s<1b>[0m
test_prepare.vector.data.R.... 1 tests <1b>[0;32mOK<1b>[0m
test_prepare.vector.data.R.... 2 tests <1b>[0;32mOK<1b>[0m
test_prepare.vector.data.R.... 3 tests <1b>[0;32mOK<1b>[0m
test_prepare.vector.data.R.... 4 tests <1b>[0;32mOK<1b>[0m
test_prepare.vector.data.R.... 4 tests <1b>[0;32mOK<1b>[0m
test_prepare.vector.data.R.... 4 tests <1b>[0;32mOK<1b>[0m
test_prepare.vector.data.R.... 5 tests <1b>[0;32mOK<1b>[0m
test_prepare.vector.data.R.... 6 tests <1b>[0;32mOK<1b>[0m
test_prepare.vector.data.R.... 7 tests <1b>[0;32mOK<1b>[0m
test_prepare.vector.data.R.... 8 tests <1b>[0;32mOK<1b>[0m
test_prepare.vector.data.R.... 9 tests <1b>[0;32mOK<1b>[0m
test_prepare.vector.data.R.... 10 tests <1b>[0;32mOK<1b>[0m
test_prepare.vector.data.R.... 11 tests <1b>[0;32mOK<1b>[0m
test_prepare.vector.data.R.... 12 tests <1b>[0;32mOK<1b>[0m <1b>[0;34m0.2s<1b>[0m
test_spectral.curves.plot.R... 1 tests <1b>[0;32mOK<1b>[0m Joining with `by = join_by(variable)`
Error in if (msg != "") { : the condition has length > 1
Calls: <Anonymous> ... lapply -> FUN -> eval -> eval -> expect_silent -> fun
Execution halted
Flavor: r-patched-linux-x86_64
Version: 0.1.3
Check: tests
Result: ERROR
Running ‘tinytest.R’ [5s/6s]
Running the tests in ‘tests/tinytest.R’ failed.
Complete output:
> if ( requireNamespace("tinytest", quietly=TRUE) ){
+ tinytest::test_package("spectralR")
+ }
test_get.pixel.data.R......... 1 tests <1b>[0;32mOK<1b>[0m <1b>[0;34m0.2s<1b>[0m
test_prepare.vector.data.R.... 1 tests <1b>[0;32mOK<1b>[0m
test_prepare.vector.data.R.... 2 tests <1b>[0;32mOK<1b>[0m
test_prepare.vector.data.R.... 3 tests <1b>[0;32mOK<1b>[0m
test_prepare.vector.data.R.... 4 tests <1b>[0;32mOK<1b>[0m
test_prepare.vector.data.R.... 4 tests <1b>[0;32mOK<1b>[0m
test_prepare.vector.data.R.... 4 tests <1b>[0;32mOK<1b>[0m
test_prepare.vector.data.R.... 5 tests <1b>[0;32mOK<1b>[0m
test_prepare.vector.data.R.... 6 tests <1b>[0;32mOK<1b>[0m
test_prepare.vector.data.R.... 7 tests <1b>[0;32mOK<1b>[0m
test_prepare.vector.data.R.... 8 tests <1b>[0;32mOK<1b>[0m
test_prepare.vector.data.R.... 9 tests <1b>[0;32mOK<1b>[0m
test_prepare.vector.data.R.... 10 tests <1b>[0;32mOK<1b>[0m
test_prepare.vector.data.R.... 11 tests <1b>[0;32mOK<1b>[0m
test_prepare.vector.data.R.... 12 tests <1b>[0;32mOK<1b>[0m <1b>[0;34m0.2s<1b>[0m
test_spectral.curves.plot.R... 1 tests <1b>[0;32mOK<1b>[0m Joining with `by = join_by(variable)`
Error in if (msg != "") { : the condition has length > 1
Calls: <Anonymous> ... lapply -> FUN -> eval -> eval -> expect_silent -> fun
Execution halted
Flavor: r-release-linux-x86_64
Version: 0.1.3
Check: tests
Result: ERROR
Running 'tinytest.R' [4s]
Running the tests in 'tests/tinytest.R' failed.
Complete output:
> if ( requireNamespace("tinytest", quietly=TRUE) ){
+ tinytest::test_package("spectralR")
+ }
test_get.pixel.data.R......... 1 tests <1b>[0;32mOK<1b>[0m <1b>[0;36m94ms<1b>[0m
test_prepare.vector.data.R.... 1 tests <1b>[0;32mOK<1b>[0m
test_prepare.vector.data.R.... 2 tests <1b>[0;32mOK<1b>[0m
test_prepare.vector.data.R.... 3 tests <1b>[0;32mOK<1b>[0m
test_prepare.vector.data.R.... 4 tests <1b>[0;32mOK<1b>[0m
test_prepare.vector.data.R.... 4 tests <1b>[0;32mOK<1b>[0m
test_prepare.vector.data.R.... 4 tests <1b>[0;32mOK<1b>[0m
test_prepare.vector.data.R.... 5 tests <1b>[0;32mOK<1b>[0m
test_prepare.vector.data.R.... 6 tests <1b>[0;32mOK<1b>[0m
test_prepare.vector.data.R.... 7 tests <1b>[0;32mOK<1b>[0m
test_prepare.vector.data.R.... 8 tests <1b>[0;32mOK<1b>[0m
test_prepare.vector.data.R.... 9 tests <1b>[0;32mOK<1b>[0m
test_prepare.vector.data.R.... 10 tests <1b>[0;32mOK<1b>[0m
test_prepare.vector.data.R.... 11 tests <1b>[0;32mOK<1b>[0m
test_prepare.vector.data.R.... 12 tests <1b>[0;32mOK<1b>[0m <1b>[0;36m78ms<1b>[0m
test_spectral.curves.plot.R... 1 tests <1b>[0;32mOK<1b>[0m Joining with `by = join_by(variable)`
Error in if (msg != "") { : the condition has length > 1
Calls: <Anonymous> ... lapply -> FUN -> eval -> eval -> expect_silent -> fun
Execution halted
Flavor: r-release-windows-x86_64
Version: 0.1.3
Check: tests
Result: ERROR
Running 'tinytest.R' [6s]
Running the tests in 'tests/tinytest.R' failed.
Complete output:
> if ( requireNamespace("tinytest", quietly=TRUE) ){
+ tinytest::test_package("spectralR")
+ }
test_get.pixel.data.R......... 1 tests <1b>[0;32mOK<1b>[0m <1b>[0;34m0.2s<1b>[0m
test_prepare.vector.data.R.... 1 tests <1b>[0;32mOK<1b>[0m
test_prepare.vector.data.R.... 2 tests <1b>[0;32mOK<1b>[0m
test_prepare.vector.data.R.... 3 tests <1b>[0;32mOK<1b>[0m
test_prepare.vector.data.R.... 4 tests <1b>[0;32mOK<1b>[0m
test_prepare.vector.data.R.... 4 tests <1b>[0;32mOK<1b>[0m
test_prepare.vector.data.R.... 4 tests <1b>[0;32mOK<1b>[0m
test_prepare.vector.data.R.... 5 tests <1b>[0;32mOK<1b>[0m
test_prepare.vector.data.R.... 6 tests <1b>[0;32mOK<1b>[0m
test_prepare.vector.data.R.... 7 tests <1b>[0;32mOK<1b>[0m
test_prepare.vector.data.R.... 8 tests <1b>[0;32mOK<1b>[0m
test_prepare.vector.data.R.... 9 tests <1b>[0;32mOK<1b>[0m
test_prepare.vector.data.R.... 10 tests <1b>[0;32mOK<1b>[0m
test_prepare.vector.data.R.... 11 tests <1b>[0;32mOK<1b>[0m
test_prepare.vector.data.R.... 12 tests <1b>[0;32mOK<1b>[0m <1b>[0;34m0.1s<1b>[0m
test_spectral.curves.plot.R... 1 tests <1b>[0;32mOK<1b>[0m Joining with `by = join_by(variable)`
Error in if (msg != "") { : the condition has length > 1
Calls: <Anonymous> ... lapply -> FUN -> eval -> eval -> expect_silent -> fun
Execution halted
Flavor: r-oldrel-windows-x86_64
These binaries (installable software) and packages are in development.
They may not be fully stable and should be used with caution. We make no claims about them.
Health stats visible at Monitor.