Last updated on 2025-02-02 05:48:37 CET.
Flavor | Version | Tinstall | Tcheck | Ttotal | Status | Flags |
---|---|---|---|---|---|---|
r-devel-linux-x86_64-debian-clang | 4.3.3 | 18.47 | 223.98 | 242.45 | OK | |
r-devel-linux-x86_64-debian-gcc | 4.3.3 | 11.87 | 129.27 | 141.14 | OK | |
r-devel-linux-x86_64-fedora-clang | 4.3.3 | 450.97 | OK | |||
r-devel-linux-x86_64-fedora-gcc | 4.3.3 | 371.49 | OK | |||
r-devel-windows-x86_64 | 4.3.3 | 18.00 | 215.00 | 233.00 | OK | |
r-patched-linux-x86_64 | 4.3.3 | 15.90 | 175.38 | 191.28 | OK | |
r-release-linux-x86_64 | 4.3.3 | 14.11 | 193.55 | 207.66 | OK | |
r-release-macos-arm64 | 4.3.3 | 103.00 | WARN | |||
r-release-macos-x86_64 | 4.3.3 | 283.00 | WARN | |||
r-release-windows-x86_64 | 4.3.3 | 17.00 | 221.00 | 238.00 | NOTE | |
r-oldrel-macos-arm64 | 4.3.3 | 108.00 | WARN | |||
r-oldrel-macos-x86_64 | 4.3.3 | 227.00 | WARN | |||
r-oldrel-windows-x86_64 | 4.3.3 | 23.00 | 266.00 | 289.00 | NOTE |
Version: 4.3.3
Check: installed package size
Result: NOTE
installed size is 6.1Mb
sub-directories of 1Mb or more:
doc 4.6Mb
Flavors: r-release-macos-arm64, r-release-macos-x86_64, r-release-windows-x86_64, r-oldrel-macos-arm64, r-oldrel-macos-x86_64, r-oldrel-windows-x86_64
Version: 4.3.3
Check: for missing documentation entries
Result: WARN
Undocumented S4 methods:
generic '[' and siglist 'SpectraInTime,ANY,missing,ANY'
generic '[' and siglist 'SpectraInTime,missing,ANY,ANY'
generic '[' and siglist 'SpectraInTime,missing,missing,ANY'
generic '[' and siglist 'SpectraInTimeComp,ANY,ANY,ANY'
generic '[' and siglist 'SpectraInTimeComp,ANY,missing,ANY'
generic '[' and siglist 'SpectraInTimeComp,missing,ANY,ANY'
All user-level objects in a package (including S4 classes and methods)
should have documentation entries.
See chapter ‘Writing R documentation files’ in the ‘Writing R
Extensions’ manual.
Flavors: r-release-macos-arm64, r-release-macos-x86_64, r-oldrel-macos-arm64, r-oldrel-macos-x86_64
These binaries (installable software) and packages are in development.
They may not be fully stable and should be used with caution. We make no claims about them.
Health stats visible at Monitor.