Last updated on 2025-10-31 01:49:15 CET.
| Flavor | Version | Tinstall | Tcheck | Ttotal | Status | Flags | 
|---|---|---|---|---|---|---|
| r-devel-linux-x86_64-debian-clang | 3.3-2 | 25.39 | 200.33 | 225.72 | NOTE | |
| r-devel-linux-x86_64-debian-gcc | 3.3-2 | 16.42 | 137.19 | 153.61 | NOTE | |
| r-devel-linux-x86_64-fedora-clang | 3.3-2 | 57.00 | 294.90 | 351.90 | NOTE | |
| r-devel-linux-x86_64-fedora-gcc | 3.3-2 | 121.00 | 241.39 | 362.39 | NOTE | |
| r-devel-windows-x86_64 | 3.3-2 | 37.00 | 246.00 | 283.00 | OK | |
| r-patched-linux-x86_64 | 3.3-2 | 32.66 | 195.81 | 228.47 | OK | |
| r-release-linux-x86_64 | 3.3-2 | 25.31 | 192.74 | 218.05 | OK | |
| r-release-macos-arm64 | 3.3-2 | 13.00 | 76.00 | 89.00 | OK | |
| r-release-macos-x86_64 | 3.3-2 | 26.00 | 192.00 | 218.00 | OK | |
| r-release-windows-x86_64 | 3.3-2 | 41.00 | 252.00 | 293.00 | OK | |
| r-oldrel-macos-arm64 | 3.3-2 | 14.00 | 81.00 | 95.00 | NOTE | |
| r-oldrel-macos-x86_64 | 3.3-2 | 26.00 | 187.00 | 213.00 | NOTE | |
| r-oldrel-windows-x86_64 | 3.3-2 | 50.00 | 311.00 | 361.00 | NOTE | 
Version: 3.3-2
Check: Rd files
Result: NOTE
  checkRd: (-1) sdr.lpp.Rd:60-66: Only 2 columns allowed in this table (row 3 has 1)
  checkRd: (-1) sdr.lpp.Rd:60-66: Only 2 columns allowed in this table (row 4 has 1)
  checkRd: (-1) sdr.lpp.Rd:60-66: Only 2 columns allowed in this table (row 5 has 1)
Flavors: r-devel-linux-x86_64-debian-clang, r-devel-linux-x86_64-debian-gcc, r-devel-linux-x86_64-fedora-clang, r-devel-linux-x86_64-fedora-gcc
Version: 3.3-2
Check: package dependencies
Result: NOTE
  Depends: includes the non-default packages:
    'spatstat.data', 'spatstat.univar', 'spatstat.geom',
    'spatstat.random', 'spatstat.explore', 'spatstat.model'
  Adding so many packages to the search path is excessive and importing
  selectively is preferable.
Flavors: r-oldrel-macos-arm64, r-oldrel-macos-x86_64, r-oldrel-windows-x86_64
These binaries (installable software) and packages are in development.
They may not be fully stable and should be used with caution. We make no claims about them.
Health stats visible at Monitor.